{"id":5130,"date":"2025-12-01T16:23:48","date_gmt":"2025-12-01T16:23:48","guid":{"rendered":"https:\/\/cologneweb.com\/AtelierThomasPlum\/?page_id=5130"},"modified":"2026-01-30T20:52:34","modified_gmt":"2026-01-30T20:52:34","slug":"sammlung","status":"publish","type":"page","link":"https:\/\/cologneweb.com\/AtelierThomasPlum\/ueber-mich\/sammlung\/","title":{"rendered":"Sammlung"},"content":{"rendered":"\n<p class=\"has-white-background-color has-background\"><a href=\"https:\/\/cologneweb.com\/AtelierThomasPlum\/ueber-mich\/\">\u00dcber mich<\/a><\/p>\n\n\n\n<figure class=\"wp-block-image size-large\"><img loading=\"lazy\" decoding=\"async\" width=\"1024\" height=\"1024\" src=\"https:\/\/cologneweb.com\/AtelierThomasPlum\/wp-content\/uploads\/2025\/12\/IMG_0511-1024x1024.jpeg\" alt=\"\" class=\"wp-image-5224\" srcset=\"https:\/\/cologneweb.com\/AtelierThomasPlum\/wp-content\/uploads\/2025\/12\/IMG_0511-1024x1024.jpeg 1024w, https:\/\/cologneweb.com\/AtelierThomasPlum\/wp-content\/uploads\/2025\/12\/IMG_0511-300x300.jpeg 300w, https:\/\/cologneweb.com\/AtelierThomasPlum\/wp-content\/uploads\/2025\/12\/IMG_0511-150x150.jpeg 150w, https:\/\/cologneweb.com\/AtelierThomasPlum\/wp-content\/uploads\/2025\/12\/IMG_0511-768x768.jpeg 768w, https:\/\/cologneweb.com\/AtelierThomasPlum\/wp-content\/uploads\/2025\/12\/IMG_0511-1536x1536.jpeg 1536w, https:\/\/cologneweb.com\/AtelierThomasPlum\/wp-content\/uploads\/2025\/12\/IMG_0511-2048x2048.jpeg 2048w, https:\/\/cologneweb.com\/AtelierThomasPlum\/wp-content\/uploads\/2025\/12\/IMG_0511-1200x1200.jpeg 1200w\" sizes=\"(max-width: 709px) 85vw, (max-width: 909px) 67vw, (max-width: 1362px) 62vw, 840px\" \/><figcaption class=\"wp-element-caption\">Rolf Hinterecker<br><a href=\"https:\/\/cologneweb.com\/68elf\/hinterecker\/\" target=\"_blank\" rel=\"noreferrer noopener\">Genome Genome Projekt<\/a><br>Mixed Media (Glas, Draht, Blattgold, Gouache, Filzstift, Bleistift), je 30 x 3,5 x 0,5 cm, handsigniert, 2000<\/figcaption><\/figure>\n\n\n<\/p>\n\n\n<p class=\"has-drop-cap\">Meine Kunstsammlung enth\u00e4lt Arbeiten befreundeter K\u00fcnstler wie <a href=\"https:\/\/cologneweb.com\/AbisZ\/service\/kunst\/in-memoriam-klaus-winterfeld\/\" target=\"_blank\" rel=\"noreferrer noopener\">Klaus Winterfeld<\/a>, <a href=\"https:\/\/cologneweb.com\/AbisZ\/service\/kunst\/in-memoriam-parzival\/\" target=\"_blank\" rel=\"noreferrer noopener\">Frank \u201eParzival\u201c Poersch<\/a>, <a href=\"https:\/\/dominikboehringer.de\" data-type=\"link\" data-id=\"https:\/\/dominikboehringer.de\" target=\"_blank\" rel=\"noreferrer noopener\">Dominik B\u00f6hringer<\/a>, <a href=\"https:\/\/de.wikipedia.org\/wiki\/Reinhart_Hevicke\" target=\"_blank\" rel=\"noreferrer noopener\">Reinhart Hevicke<\/a>, <a href=\"https:\/\/dominikboehringer.de\" target=\"_blank\" rel=\"noreferrer noopener\">Dieter Laue<\/a>, <a href=\"https:\/\/hinterecker-art.com\" target=\"_blank\" rel=\"noreferrer noopener\">Rolf Hinterecker<\/a> oder <a href=\"https:\/\/georg-gartz.de\" target=\"_blank\" rel=\"noreferrer noopener\">Georg Gartz<\/a>, darunter auch Plastiken des Bildhauers <a href=\"https:\/\/de.wikipedia.org\/wiki\/Erlefried_Hoppe\" target=\"_blank\" rel=\"noreferrer noopener\">Erlefried Hoppe<\/a> &#8212; er hat unter anderem die acht Engel am Vierungsturm auf dem K\u00f6lner Dom geschaffen &#8212; sowie viele seit den 1990er Jahren im Kunsthandel und auf Auktionen erworbene Werke der Klassischen Moderne, u.a. von Pablo Picasso, Max Ernst, Hans Arp, Jean Fautrier, Andr\u00e9 Masson, Adriaan Lubbers, Alfred Kubin, Otto Wols, Gerhard Marcks und Ernst Barlach. <br><br>Mein Sammelgebiet umfasst au\u00dferdem Kunst nach 1945 und der Gegenwart, darunter Werke von Bernhard Schultze, Horst Janssen, G\u00fcnther Uecker, Daniel Spoerri, Arnulf Rainer, Ernst Fuchs, Eduardo Paolozzi, Emil Schumacher, Sigmar Polke, Rosemarie Trockel, Linda Christanell, Imi Knoebel, Peter B\u00f6mmels, Walter Dahn, Blalla W. Hallmann, J\u00fcrgen Brodwolf, G\u00fcnter Grass, Gerhard R\u00fchm, Friedrich Vordemberge, HAP Grieshaber, Felix Droese, Marcel Odenbach, Heimo Zobernig, Arne-Bernd Rhaue, Keith Haring, Claes Oldenburg, Ai Weiwei, Roger Ballen, Leiko Ikemura und Anish Kapoor.<\/p>\n\n\n\n<p>\u00dcberdies besitze ich handsignierte Grafiken von Carl Barks, Don Rosa und Simon Tofield (\u201eSimon\u2018s Cat\u201c).<\/p>\n\n\n\n<figure class=\"wp-block-image size-large\"><img loading=\"lazy\" decoding=\"async\" width=\"1024\" height=\"851\" src=\"https:\/\/cologneweb.com\/AtelierThomasPlum\/wp-content\/uploads\/2025\/12\/L1120127-1024x851.jpeg\" alt=\"\" class=\"wp-image-5212\" srcset=\"https:\/\/cologneweb.com\/AtelierThomasPlum\/wp-content\/uploads\/2025\/12\/L1120127-1024x851.jpeg 1024w, https:\/\/cologneweb.com\/AtelierThomasPlum\/wp-content\/uploads\/2025\/12\/L1120127-300x249.jpeg 300w, https:\/\/cologneweb.com\/AtelierThomasPlum\/wp-content\/uploads\/2025\/12\/L1120127-768x638.jpeg 768w, https:\/\/cologneweb.com\/AtelierThomasPlum\/wp-content\/uploads\/2025\/12\/L1120127-1536x1276.jpeg 1536w, https:\/\/cologneweb.com\/AtelierThomasPlum\/wp-content\/uploads\/2025\/12\/L1120127-2048x1702.jpeg 2048w, https:\/\/cologneweb.com\/AtelierThomasPlum\/wp-content\/uploads\/2025\/12\/L1120127-1200x997.jpeg 1200w\" sizes=\"(max-width: 709px) 85vw, (max-width: 909px) 67vw, (max-width: 1362px) 62vw, 840px\" \/><figcaption class=\"wp-element-caption\">Stas Borodin<br>\u00d6l auf Malkarton, 56 x 42 cm, r\u00fcckseitig handsigniert, 1990<br>Stanislaw Jurjewitsch Borodin wurde 1950 im Norden Russlands, Gebiet Archangelsk<br>geboren und geh\u00f6rt der Schule der \u00fcb Impressionisten an. Er absolvierte das Moskauer P\u00e4dagogische Institut, k\u00fcnstlerisch-graphische Fakult\u00e4t<br> (1971-76), und studierte bei Wladimir Grigor. Wei\u00dfberg (1976-85). Au\u00dferdem unterrichtete er an der Kunstschule f\u00fcr Kinder (1974-90). Seit 1997 ist Borodin Mitglied der \u201eEurop\u00e4ischen Akademie der K\u00fcnste\u201c und seit 1999 ist er Mitglied im Berufsverband Bildender K\u00fcnstler Berlins.<br><br><br><\/figcaption><\/figure>\n\n\n\n<p class=\"has-white-color has-text-color has-link-color wp-elements-d123476af919fb86bfd3e2a5b35cf0d2\">Hinzu kommen einige signierte und mit Widmung versehene B\u00fccher von H.C. Artmann, der einmal nach einer von meinem Freund <a href=\"https:\/\/de.wikipedia.org\/wiki\/Harald_Gr%C3%B6hler\" target=\"_blank\" rel=\"noreferrer noopener\">Harald Gr\u00f6hler<\/a> in Br\u00fchl veranstalteten Lesung im Haus meiner Eltern \u00fcbernachtet und den ich sp\u00e4ter in seiner Wohnung in Salzburg besucht hatte. Art Spiegelman (\u201eMaus\u201c) hat den Katalog zu seiner Ausstellung im Museum Ludwig mit einer signierten Zeichnung versehen und Karel Appel den Katalog zu einer Retrospektive in der Josef-Haubrich-Kunsthalle signiert.<\/p>\n","protected":false},"excerpt":{"rendered":"<p>\u00dcber mich Meine Kunstsammlung enth\u00e4lt Arbeiten befreundeter K\u00fcnstler wie Klaus Winterfeld, Frank \u201eParzival\u201c Poersch, Dominik B\u00f6hringer, Reinhart Hevicke, Dieter Laue, Rolf Hinterecker oder Georg Gartz, darunter auch Plastiken des Bildhauers Erlefried Hoppe &#8212; er hat unter anderem die acht Engel am Vierungsturm auf dem K\u00f6lner Dom geschaffen &#8212; sowie viele seit den 1990er Jahren im &hellip; <a href=\"https:\/\/cologneweb.com\/AtelierThomasPlum\/ueber-mich\/sammlung\/\" class=\"more-link\"><span class=\"screen-reader-text\">&#8220;Sammlung&#8221; <\/span>weiterlesen<\/a><\/p>\n","protected":false},"author":1,"featured_media":0,"parent":260,"menu_order":0,"comment_status":"closed","ping_status":"closed","template":"","meta":{"footnotes":""},"_links":{"self":[{"href":"https:\/\/cologneweb.com\/AtelierThomasPlum\/wp-json\/wp\/v2\/pages\/5130"}],"collection":[{"href":"https:\/\/cologneweb.com\/AtelierThomasPlum\/wp-json\/wp\/v2\/pages"}],"about":[{"href":"https:\/\/cologneweb.com\/AtelierThomasPlum\/wp-json\/wp\/v2\/types\/page"}],"author":[{"embeddable":true,"href":"https:\/\/cologneweb.com\/AtelierThomasPlum\/wp-json\/wp\/v2\/users\/1"}],"replies":[{"embeddable":true,"href":"https:\/\/cologneweb.com\/AtelierThomasPlum\/wp-json\/wp\/v2\/comments?post=5130"}],"version-history":[{"count":63,"href":"https:\/\/cologneweb.com\/AtelierThomasPlum\/wp-json\/wp\/v2\/pages\/5130\/revisions"}],"predecessor-version":[{"id":5298,"href":"https:\/\/cologneweb.com\/AtelierThomasPlum\/wp-json\/wp\/v2\/pages\/5130\/revisions\/5298"}],"up":[{"embeddable":true,"href":"https:\/\/cologneweb.com\/AtelierThomasPlum\/wp-json\/wp\/v2\/pages\/260"}],"wp:attachment":[{"href":"https:\/\/cologneweb.com\/AtelierThomasPlum\/wp-json\/wp\/v2\/media?parent=5130"}],"curies":[{"name":"wp","href":"https:\/\/api.w.org\/{rel}","templated":true}]}}