{"id":311,"date":"2019-04-10T15:41:33","date_gmt":"2019-04-10T15:41:33","guid":{"rendered":"https:\/\/cologneweb.com\/AtelierThomasPlum\/?page_id=311"},"modified":"2024-04-17T22:44:59","modified_gmt":"2024-04-17T22:44:59","slug":"kontakt","status":"publish","type":"page","link":"https:\/\/cologneweb.com\/AtelierThomasPlum\/ueber-mich\/kontakt\/","title":{"rendered":"Kontakt"},"content":{"rendered":"\n<p><a href=\"https:\/\/cologneweb.com\/AtelierThomasPlum\/ueber-mich\/\">\u00dcber mich<\/a><\/p>\n\n\n\n<figure class=\"wp-block-image size-full is-resized is-style-default\"><a href=\"https:\/\/cologneweb.com\/AtelierThomasPlum\/wp-content\/uploads\/2024\/04\/IMG_9626.jpeg\"><img loading=\"lazy\" decoding=\"async\" src=\"https:\/\/cologneweb.com\/AtelierThomasPlum\/wp-content\/uploads\/2024\/04\/IMG_9626.jpeg\" alt=\"\" class=\"wp-image-5020\" width=\"287\" height=\"380\" srcset=\"https:\/\/cologneweb.com\/AtelierThomasPlum\/wp-content\/uploads\/2024\/04\/IMG_9626.jpeg 750w, https:\/\/cologneweb.com\/AtelierThomasPlum\/wp-content\/uploads\/2024\/04\/IMG_9626-227x300.jpeg 227w\" sizes=\"(max-width: 287px) 85vw, 287px\" \/><\/a><\/figure>\n\n\n\n<p>E-Mail: <a href=\"mailto:mail@thomasplum.de\">mail@thomasplum.de<\/a> <br>Mobil: +49 160 825 52 77<\/p>\n\n\n\n<p>Atelier: <br>D\u00fcsseldorfer Stra\u00dfe 45<br>51063 K\u00f6ln (M\u00fclheim)<\/p>\n","protected":false},"excerpt":{"rendered":"<p>\u00dcber mich E-Mail: mail@thomasplum.de Mobil: +49 160 825 52 77 Atelier: D\u00fcsseldorfer Stra\u00dfe 4551063 K\u00f6ln (M\u00fclheim)<\/p>\n","protected":false},"author":1,"featured_media":0,"parent":260,"menu_order":0,"comment_status":"closed","ping_status":"closed","template":"","meta":{"footnotes":""},"_links":{"self":[{"href":"https:\/\/cologneweb.com\/AtelierThomasPlum\/wp-json\/wp\/v2\/pages\/311"}],"collection":[{"href":"https:\/\/cologneweb.com\/AtelierThomasPlum\/wp-json\/wp\/v2\/pages"}],"about":[{"href":"https:\/\/cologneweb.com\/AtelierThomasPlum\/wp-json\/wp\/v2\/types\/page"}],"author":[{"embeddable":true,"href":"https:\/\/cologneweb.com\/AtelierThomasPlum\/wp-json\/wp\/v2\/users\/1"}],"replies":[{"embeddable":true,"href":"https:\/\/cologneweb.com\/AtelierThomasPlum\/wp-json\/wp\/v2\/comments?post=311"}],"version-history":[{"count":16,"href":"https:\/\/cologneweb.com\/AtelierThomasPlum\/wp-json\/wp\/v2\/pages\/311\/revisions"}],"predecessor-version":[{"id":5022,"href":"https:\/\/cologneweb.com\/AtelierThomasPlum\/wp-json\/wp\/v2\/pages\/311\/revisions\/5022"}],"up":[{"embeddable":true,"href":"https:\/\/cologneweb.com\/AtelierThomasPlum\/wp-json\/wp\/v2\/pages\/260"}],"wp:attachment":[{"href":"https:\/\/cologneweb.com\/AtelierThomasPlum\/wp-json\/wp\/v2\/media?parent=311"}],"curies":[{"name":"wp","href":"https:\/\/api.w.org\/{rel}","templated":true}]}}