{"id":1536,"date":"2020-04-06T10:12:27","date_gmt":"2020-04-06T10:12:27","guid":{"rendered":"https:\/\/cologneweb.com\/AtelierThomasPlum\/?page_id=1536"},"modified":"2021-01-12T23:56:52","modified_gmt":"2021-01-12T23:56:52","slug":"1984-2","status":"publish","type":"page","link":"https:\/\/cologneweb.com\/AtelierThomasPlum\/malerei\/galerie\/1984-2\/","title":{"rendered":"1984"},"content":{"rendered":"\n<p><a href=\"https:\/\/cologneweb.com\/AtelierThomasPlum\/Galerie\">Galerie<\/a><\/p>\n\n\n\n<figure class=\"wp-block-image size-medium\"><a href=\"https:\/\/cologneweb.com\/AtelierThomasPlum\/wp-content\/uploads\/2020\/04\/IMG_5224.jpg\"><img loading=\"lazy\" decoding=\"async\" width=\"239\" height=\"300\" src=\"https:\/\/cologneweb.com\/AtelierThomasPlum\/wp-content\/uploads\/2020\/04\/IMG_5224-239x300.jpg\" alt=\"\" class=\"wp-image-1678\" srcset=\"https:\/\/cologneweb.com\/AtelierThomasPlum\/wp-content\/uploads\/2020\/04\/IMG_5224-239x300.jpg 239w, https:\/\/cologneweb.com\/AtelierThomasPlum\/wp-content\/uploads\/2020\/04\/IMG_5224-815x1024.jpg 815w, https:\/\/cologneweb.com\/AtelierThomasPlum\/wp-content\/uploads\/2020\/04\/IMG_5224-768x964.jpg 768w, https:\/\/cologneweb.com\/AtelierThomasPlum\/wp-content\/uploads\/2020\/04\/IMG_5224-1223x1536.jpg 1223w, https:\/\/cologneweb.com\/AtelierThomasPlum\/wp-content\/uploads\/2020\/04\/IMG_5224-1200x1507.jpg 1200w, https:\/\/cologneweb.com\/AtelierThomasPlum\/wp-content\/uploads\/2020\/04\/IMG_5224.jpg 1451w\" sizes=\"(max-width: 239px) 85vw, 239px\" \/><\/a><figcaption>[Klavierspieler (The Piano Duck)] \u00d6l auf Lw. 50*40 cm, 1984, Privatsammlung<\/figcaption><\/figure>\n\n\n\n<figure class=\"wp-block-image size-medium\"><a href=\"https:\/\/cologneweb.com\/AtelierThomasPlum\/wp-content\/uploads\/2020\/04\/felix_mit_ei.jpg\"><img loading=\"lazy\" decoding=\"async\" width=\"242\" height=\"300\" src=\"https:\/\/cologneweb.com\/AtelierThomasPlum\/wp-content\/uploads\/2020\/04\/felix_mit_ei-242x300.jpg\" alt=\"\" class=\"wp-image-1537\" srcset=\"https:\/\/cologneweb.com\/AtelierThomasPlum\/wp-content\/uploads\/2020\/04\/felix_mit_ei-242x300.jpg 242w, https:\/\/cologneweb.com\/AtelierThomasPlum\/wp-content\/uploads\/2020\/04\/felix_mit_ei-825x1024.jpg 825w, https:\/\/cologneweb.com\/AtelierThomasPlum\/wp-content\/uploads\/2020\/04\/felix_mit_ei-768x954.jpg 768w, https:\/\/cologneweb.com\/AtelierThomasPlum\/wp-content\/uploads\/2020\/04\/felix_mit_ei-1200x1490.jpg 1200w, https:\/\/cologneweb.com\/AtelierThomasPlum\/wp-content\/uploads\/2020\/04\/felix_mit_ei.jpg 1237w\" sizes=\"(max-width: 242px) 85vw, 242px\" \/><\/a><figcaption>[Felix] Collage, \u00d6l auf Lw., 50*40 cm, 1984, Privatsammlung<\/figcaption><\/figure>\n\n\n\n<figure class=\"wp-block-image size-medium is-style-default\"><a href=\"https:\/\/cologneweb.com\/AtelierThomasPlum\/wp-content\/uploads\/2021\/01\/9AD09F4C-681F-42C5-A519-EDF946D318EB.jpeg\"><img loading=\"lazy\" decoding=\"async\" width=\"225\" height=\"300\" src=\"https:\/\/cologneweb.com\/AtelierThomasPlum\/wp-content\/uploads\/2021\/01\/9AD09F4C-681F-42C5-A519-EDF946D318EB-225x300.jpeg\" alt=\"\" class=\"wp-image-3390\" srcset=\"https:\/\/cologneweb.com\/AtelierThomasPlum\/wp-content\/uploads\/2021\/01\/9AD09F4C-681F-42C5-A519-EDF946D318EB-225x300.jpeg 225w, https:\/\/cologneweb.com\/AtelierThomasPlum\/wp-content\/uploads\/2021\/01\/9AD09F4C-681F-42C5-A519-EDF946D318EB-768x1024.jpeg 768w, https:\/\/cologneweb.com\/AtelierThomasPlum\/wp-content\/uploads\/2021\/01\/9AD09F4C-681F-42C5-A519-EDF946D318EB-1152x1536.jpeg 1152w, https:\/\/cologneweb.com\/AtelierThomasPlum\/wp-content\/uploads\/2021\/01\/9AD09F4C-681F-42C5-A519-EDF946D318EB.jpeg 1200w\" sizes=\"(max-width: 225px) 85vw, 225px\" \/><\/a><figcaption>[Lucy] Collage, \u00d6l auf Karton., 40*30 cm, 1984, Privatsammlung<\/figcaption><\/figure>\n\n\n\n<figure class=\"wp-block-image size-medium\"><a href=\"https:\/\/cologneweb.com\/AtelierThomasPlum\/wp-content\/uploads\/2020\/04\/Das-gro\u00dfe-F\u00fcrchten.jpg\"><img loading=\"lazy\" decoding=\"async\" width=\"228\" height=\"300\" src=\"https:\/\/cologneweb.com\/AtelierThomasPlum\/wp-content\/uploads\/2020\/04\/Das-gro\u00dfe-F\u00fcrchten-228x300.jpg\" alt=\"\" class=\"wp-image-1656\" srcset=\"https:\/\/cologneweb.com\/AtelierThomasPlum\/wp-content\/uploads\/2020\/04\/Das-gro\u00dfe-F\u00fcrchten-228x300.jpg 228w, https:\/\/cologneweb.com\/AtelierThomasPlum\/wp-content\/uploads\/2020\/04\/Das-gro\u00dfe-F\u00fcrchten-780x1024.jpg 780w, https:\/\/cologneweb.com\/AtelierThomasPlum\/wp-content\/uploads\/2020\/04\/Das-gro\u00dfe-F\u00fcrchten-768x1008.jpg 768w, https:\/\/cologneweb.com\/AtelierThomasPlum\/wp-content\/uploads\/2020\/04\/Das-gro\u00dfe-F\u00fcrchten-1170x1536.jpg 1170w, https:\/\/cologneweb.com\/AtelierThomasPlum\/wp-content\/uploads\/2020\/04\/Das-gro\u00dfe-F\u00fcrchten-1200x1576.jpg 1200w, https:\/\/cologneweb.com\/AtelierThomasPlum\/wp-content\/uploads\/2020\/04\/Das-gro\u00dfe-F\u00fcrchten.jpg 1418w\" sizes=\"(max-width: 228px) 85vw, 228px\" \/><\/a><figcaption>[Das gro\u00dfe F\u00fcrchten] \u00d6l auf Lw., 50*40 cm, 1984, Privatsammlung<\/figcaption><\/figure>\n\n\n\n<figure class=\"wp-block-image size-medium\"><a href=\"https:\/\/cologneweb.com\/AtelierThomasPlum\/wp-content\/uploads\/2020\/04\/erwartung-scaled.jpg\"><img loading=\"lazy\" decoding=\"async\" width=\"239\" height=\"300\" src=\"https:\/\/cologneweb.com\/AtelierThomasPlum\/wp-content\/uploads\/2020\/04\/erwartung-239x300.jpg\" alt=\"\" class=\"wp-image-1550\" srcset=\"https:\/\/cologneweb.com\/AtelierThomasPlum\/wp-content\/uploads\/2020\/04\/erwartung-239x300.jpg 239w, https:\/\/cologneweb.com\/AtelierThomasPlum\/wp-content\/uploads\/2020\/04\/erwartung-817x1024.jpg 817w, https:\/\/cologneweb.com\/AtelierThomasPlum\/wp-content\/uploads\/2020\/04\/erwartung-768x962.jpg 768w, https:\/\/cologneweb.com\/AtelierThomasPlum\/wp-content\/uploads\/2020\/04\/erwartung-1226x1536.jpg 1226w, https:\/\/cologneweb.com\/AtelierThomasPlum\/wp-content\/uploads\/2020\/04\/erwartung-1634x2048.jpg 1634w, https:\/\/cologneweb.com\/AtelierThomasPlum\/wp-content\/uploads\/2020\/04\/erwartung-1200x1504.jpg 1200w, https:\/\/cologneweb.com\/AtelierThomasPlum\/wp-content\/uploads\/2020\/04\/erwartung-scaled.jpg 2043w\" sizes=\"(max-width: 239px) 85vw, 239px\" \/><\/a><figcaption>[Erwartung] \u00d6l auf Leinen-Malpappe, 50*40 cm, 1984<\/figcaption><\/figure>\n\n\n\n<figure class=\"wp-block-image size-medium\"><a href=\"https:\/\/cologneweb.com\/AtelierThomasPlum\/wp-content\/uploads\/2020\/04\/eisprung-scaled.jpg\"><img loading=\"lazy\" decoding=\"async\" width=\"239\" height=\"300\" src=\"https:\/\/cologneweb.com\/AtelierThomasPlum\/wp-content\/uploads\/2020\/04\/eisprung-239x300.jpg\" alt=\"\" class=\"wp-image-1551\" srcset=\"https:\/\/cologneweb.com\/AtelierThomasPlum\/wp-content\/uploads\/2020\/04\/eisprung-239x300.jpg 239w, https:\/\/cologneweb.com\/AtelierThomasPlum\/wp-content\/uploads\/2020\/04\/eisprung-817x1024.jpg 817w, https:\/\/cologneweb.com\/AtelierThomasPlum\/wp-content\/uploads\/2020\/04\/eisprung-768x963.jpg 768w, https:\/\/cologneweb.com\/AtelierThomasPlum\/wp-content\/uploads\/2020\/04\/eisprung-1225x1536.jpg 1225w, https:\/\/cologneweb.com\/AtelierThomasPlum\/wp-content\/uploads\/2020\/04\/eisprung-1634x2048.jpg 1634w, https:\/\/cologneweb.com\/AtelierThomasPlum\/wp-content\/uploads\/2020\/04\/eisprung-1200x1504.jpg 1200w, https:\/\/cologneweb.com\/AtelierThomasPlum\/wp-content\/uploads\/2020\/04\/eisprung-scaled.jpg 2042w\" sizes=\"(max-width: 239px) 85vw, 239px\" \/><\/a><figcaption>[Eisprung] \u00d6l auf Leinen-Malpappe, 50*40 cm, 1984<\/figcaption><\/figure>\n\n\n\n<hr class=\"wp-block-separator\"\/>\n\n\n\n<p><a href=\"https:\/\/cologneweb.com\/AtelierThomasPlum\/Galerie\">Galerie<\/a><\/p>\n","protected":false},"excerpt":{"rendered":"<p>Galerie Galerie<\/p>\n","protected":false},"author":1,"featured_media":0,"parent":305,"menu_order":0,"comment_status":"closed","ping_status":"closed","template":"","meta":{"footnotes":""},"_links":{"self":[{"href":"https:\/\/cologneweb.com\/AtelierThomasPlum\/wp-json\/wp\/v2\/pages\/1536"}],"collection":[{"href":"https:\/\/cologneweb.com\/AtelierThomasPlum\/wp-json\/wp\/v2\/pages"}],"about":[{"href":"https:\/\/cologneweb.com\/AtelierThomasPlum\/wp-json\/wp\/v2\/types\/page"}],"author":[{"embeddable":true,"href":"https:\/\/cologneweb.com\/AtelierThomasPlum\/wp-json\/wp\/v2\/users\/1"}],"replies":[{"embeddable":true,"href":"https:\/\/cologneweb.com\/AtelierThomasPlum\/wp-json\/wp\/v2\/comments?post=1536"}],"version-history":[{"count":16,"href":"https:\/\/cologneweb.com\/AtelierThomasPlum\/wp-json\/wp\/v2\/pages\/1536\/revisions"}],"predecessor-version":[{"id":3391,"href":"https:\/\/cologneweb.com\/AtelierThomasPlum\/wp-json\/wp\/v2\/pages\/1536\/revisions\/3391"}],"up":[{"embeddable":true,"href":"https:\/\/cologneweb.com\/AtelierThomasPlum\/wp-json\/wp\/v2\/pages\/305"}],"wp:attachment":[{"href":"https:\/\/cologneweb.com\/AtelierThomasPlum\/wp-json\/wp\/v2\/media?parent=1536"}],"curies":[{"name":"wp","href":"https:\/\/api.w.org\/{rel}","templated":true}]}}