{"id":839,"date":"2021-03-12T15:55:49","date_gmt":"2021-03-12T14:55:49","guid":{"rendered":"https:\/\/cologneweb.com\/AbisZ\/?page_id=839"},"modified":"2025-09-01T19:15:39","modified_gmt":"2025-09-01T17:15:39","slug":"kunst","status":"publish","type":"page","link":"https:\/\/cologneweb.com\/AbisZ\/service\/kunst\/","title":{"rendered":"Kunst"},"content":{"rendered":"\n<p class=\"has-light-blue-background-color has-background\"><a href=\"https:\/\/cologneweb.com\/AbisZ\/service\/kunst\/aktuelle-termine\/\" data-type=\"page\" data-id=\"1859\">Aktuelle Termine<\/a> | In memoriam: <a href=\"https:\/\/cologneweb.com\/AbisZ\/service\/kunst\/in-memoriam-klaus-winterfeld\/\" data-type=\"page\" data-id=\"1367\">Klaus Winterfeld<\/a> | <a href=\"https:\/\/cologneweb.com\/AbisZ\/service\/kunst\/in-memoriam-parzival\/\" data-type=\"page\" data-id=\"3849\">Parzival<\/a><\/p>\n\n\n<p><a name=\"kuenstler\"><\/a><\/p>\n\n\n\n<h2 class=\"wp-block-heading\" id=\"kolner-kunstlerinnen-und-kunstler\">K\u00fcnstlerinnen und K\u00fcnstler<\/h2>\n\n\n\n<figure class=\"wp-block-image size-large\"><a href=\"https:\/\/cologneweb.com\/AtelierThomasPlum\/\" target=\"_blank\" rel=\"noreferrer noopener\"><img decoding=\"async\" src=\"https:\/\/cologneweb.com\/AtelierThomasPlum\/wp-content\/uploads\/2020\/05\/cropped-rundbild28_frei_240px.jpg\" alt=\"Atelier Thomas Plum\nMalerei, Zeichnung, Collage, Grafik, Objekt, Fotografie\nthomasplum.de\"\/><\/a><figcaption class=\"wp-element-caption\"><a rel=\"noreferrer noopener\" href=\"https:\/\/cologneweb.com\/AtelierThomasPlum\/\" target=\"_blank\">Thomas Plum<\/a><br>Malerei, Zeichnung, Collage, Grafik, Objekt, Fotografie<\/figcaption><\/figure>\n\n\n<div class='yrm-content yrm-content-1 yrm-content-hide  ' id='yrm-hPHkf' data-id='1' data-show-status='false' data-after-action='' style=\"visibility: hidden;height: 0;\">\n\t\t\t<div id='yrm-inner-content-yrm-hPHkf' class='yrm-inner-content-wrapper yrm-cntent-1'><\/p>\n\n\n\n<p><a rel=\"noreferrer noopener\" href=\"https:\/\/museum-express.com\/\" target=\"_blank\">MUSEUM E<\/a><a href=\"https:\/\/museum-express.com\/\">XPRESS Sebastian Jung<\/a><\/p>\n\n\n\n<figure class=\"wp-block-image size-large\"><a href=\"https:\/\/museum-express.com\/\" target=\"_blank\" rel=\"noreferrer noopener\"><img decoding=\"async\" src=\"https:\/\/d2kq0urxkarztv.cloudfront.net\/61d70f158463380037761fb4\/3908906\/image-5b4cedd0-aaa0-4a19-9f7d-0dd990444755.jpg?e=webp\" alt=\"MUSEUM EXPRESS Sebastian Jung\"\/><\/a><\/figure>\n\n\n\n<hr class=\"wp-block-separator has-alpha-channel-opacity\"\/>\n\n\n\n<p><a href=\"https:\/\/www.kuenstlerverzeichnis-koeln.de\/\" target=\"_blank\" rel=\"noreferrer noopener\">K\u00fcnstler*innenverzeichnis K\u00f6ln<\/a><\/p>\n\n\n\n<p><a rel=\"noreferrer noopener\" href=\"https:\/\/www.bananensprayer.de\/pages\/index.html\" target=\"_blank\">Thomas Baumg\u00e4rtel<\/a><\/p>\n\n\n\n<p><a rel=\"noreferrer noopener\" href=\"https:\/\/www.kuenstlerverzeichnis-koeln.de\/\/kuenstler\/engelbert-becker\" target=\"_blank\">Engelbert Becker<\/a><\/p>\n\n\n\n<p><a rel=\"noreferrer noopener\" href=\"https:\/\/www.gudrun-biessmann.de\/\" target=\"_blank\">Gudrun Bie\u00dfmann<\/a><\/p>\n\n\n\n<p><a rel=\"noreferrer noopener\" href=\"http:\/\/www.efedoghor.de\" target=\"_blank\">Helen Efe Doghor-H\u00f6tter<\/a><\/p>\n\n\n\n<p><a rel=\"noreferrer noopener\" href=\"http:\/\/wolfgangfriedrich.com\/\" target=\"_blank\">Wolfgang Klaus Maria Friedrich<\/a><\/p>\n\n\n\n<p><a rel=\"noreferrer noopener\" href=\"http:\/\/www.georg-gartz.de\/\" target=\"_blank\">Georg Gartz<\/a><\/p>\n\n\n\n<p><a href=\"https:\/\/claudia-gruenig.jimdofree.com\/aktuell\/\" target=\"_blank\" rel=\"noreferrer noopener\">Claudia Gr\u00fcnig<\/a><\/p>\n\n\n\n<p><a href=\"https:\/\/hinterecker-art.com\/\" target=\"_blank\" rel=\"noreferrer noopener\">Rolf Hinterecker<\/a><\/p>\n\n\n\n<p><a rel=\"noreferrer noopener\" href=\"https:\/\/anja-hoinka.jimdofree.com\/\" target=\"_blank\">Anja Hoinka<\/a><\/p>\n\n\n\n<p><a href=\"http:\/\/www.marcuskrips.de\/\" target=\"_blank\" rel=\"noreferrer noopener\">Marcus Krips<\/a><\/p>\n\n\n\n<p><a rel=\"noreferrer noopener\" href=\"http:\/\/www.dieter-laue.de\/\" target=\"_blank\">Dieter Laue<\/a><\/p>\n\n\n\n<p><a href=\"https:\/\/www.axel-hoeptner.de\/\" target=\"_blank\" rel=\"noreferrer noopener\">Axel H\u00f6ptner<\/a><\/p>\n\n\n\n<p><a rel=\"noreferrer noopener\" href=\"http:\/\/www.ullahorky.de\/\" target=\"_blank\">Ulla Hork\u00fd<\/a><\/p>\n\n\n\n<p><a rel=\"noreferrer noopener\" href=\"http:\/\/www.ohlow.de\/\" target=\"_blank\">Eva Ohlow<\/a><\/p>\n\n\n\n<p><a href=\"https:\/\/cologneweb.com\/AbisZ\/service\/kunst\/in-memoriam-parzival\/\" data-type=\"page\" data-id=\"3849\">Parzival (Frank Poersch)<\/a> \u2020<\/p>\n\n\n\n<p><a rel=\"noreferrer noopener\" href=\"https:\/\/www.kuenstlerverzeichnis-koeln.de\/kuenstler\/renate-paulsen\" target=\"_blank\">Renate Paulsen<\/a><\/p>\n\n\n\n<p><a rel=\"noreferrer noopener\" href=\"http:\/\/thomasplum.de\" target=\"_blank\">Thomas Plum<\/a><\/p>\n\n\n\n<p><a rel=\"noreferrer noopener\" href=\"http:\/\/www.kathrinrabenort.de\/\" target=\"_blank\">Katrin Rabenort<\/a><\/p>\n\n\n\n<p><a href=\"https:\/\/www.mila-ramon.de\/\" target=\"_blank\" rel=\"noreferrer noopener\">Mila Ramon<\/a><\/p>\n\n\n\n<p><a rel=\"noreferrer noopener\" href=\"http:\/\/www.folkert-rasch.de\/\" target=\"_blank\">Folkert Rasch<\/a><\/p>\n\n\n\n<p><a href=\"http:\/\/havva-sari.de\/wp\/\" target=\"_blank\" rel=\"noreferrer noopener\">Havva Sari<\/a><\/p>\n\n\n\n<p><a rel=\"noreferrer noopener\" href=\"https:\/\/qah.koeln\/de\/ingeborg-thistle\/\" target=\"_blank\">Ingeborg Thistle<\/a><\/p>\n\n\n\n<p><a rel=\"noreferrer noopener\" href=\"http:\/\/www.tinewille.de\/kontakt.php\" target=\"_blank\">Tine Wille<\/a><\/p>\n\n\n\n<p><a href=\"https:\/\/cologneweb.com\/AbisZ\/service\/kunst\/in-memoriam-klaus-winterfeld\/\" data-type=\"page\" data-id=\"1367\">Klaus Winterfeld<\/a> \u2020<\/p>\n\n\n\n<hr class=\"wp-block-separator has-css-opacity\"\/>\n\n\n\n<hr class=\"wp-block-separator has-css-opacity\"\/>\n\n\n<p><a name=\"kunstorte\"><\/a><\/p>\n\n\n\n<h2 class=\"wp-block-heading\" id=\"kolner-kunst-orte-und-organisationen\">K\u00f6lner Kunst-Orte und -Organisationen<\/h2>\n\n\n\n<p><a href=\"https:\/\/adkdw.org\" target=\"_blank\" rel=\"noreferrer noopener\">Akademie der K\u00fcnste der Welt<\/a><\/p>\n\n\n\n<p><a rel=\"noreferrer noopener\" href=\"http:\/\/aic.cologne\/de\" target=\"_blank\">Art Iniatives Cologne (AIC)<\/a><\/p>\n\n\n\n<p><a href=\"https:\/\/artrmx.com\/\" target=\"_blank\" rel=\"noreferrer noopener\">Artrmx e.V.<\/a><\/p>\n\n\n\n<p><a href=\"https:\/\/de.forum-fotografie.info\/\" target=\"_blank\" rel=\"noreferrer noopener\">Forum f\u00fcr Fotografie<\/a><\/p>\n\n\n\n<p><a rel=\"noreferrer noopener\" href=\"http:\/\/www.koelngalerien.de\/\" target=\"_blank\">Galerien, Off-Spaces und Institutionen<\/a><\/p>\n\n\n\n<p><a href=\"https:\/\/www.kubi-koeln.de\/IPS?SERVICE=METASEARCH&amp;SUBSERVICE=INITSEARCH&amp;SID=IPS2%3A67e3aabc64bbe6b6b54ed76cc0dd6fdd&amp;URLENCODING=TRUE&amp;VIEW=KMB%3AKataloge&amp;SEARCHMODE=&amp;STREAMING=on&amp;HIGHLIGHTING=on&amp;START=1&amp;LOCATION=KMB&amp;HISTORY=SESSION&amp;COUNT=10&amp;GWTIMEOUT=45&amp;QUERY_alAL=thomas+plum&amp;SERVICEGROUP1.SERVICE.SEARCH_KUGKUBI=on\" target=\"_blank\" rel=\"noreferrer noopener\">KunstBibliothek K\u00f6ln<\/a><\/p>\n\n\n\n<p><a href=\"https:\/\/kunstgaeste.de\" target=\"_blank\" rel=\"noreferrer noopener\">Kunstg\u00e4ste<\/a><\/p>\n\n\n\n<p><a rel=\"noreferrer noopener\" href=\"http:\/\/www.kunsthafen.com\/\" target=\"_blank\">Kunsthafen<\/a><\/p>\n\n\n\n<p><a href=\"http:\/\/michael-horbach-stiftung.de\/kunstraeume.html\" target=\"_blank\" rel=\"noreferrer noopener\">Kunstr\u00e4ume der Michael Horbach Stiftung<\/a><\/p>\n\n\n\n<p><a href=\"https:\/\/cologneweb.com\/AbisZ\/service\/museen-in-und-um-koeln\/\" data-type=\"page\" data-id=\"105\">Museen<\/a><\/p>\n\n\n\n<p><a href=\"http:\/\/paersche.org\/\" target=\"_blank\" rel=\"noreferrer noopener\">PAErsche Aktionslabor e.V. f\u00fcr Performance-Kunst in Deutschland<\/a><\/p>\n\n\n\n<p><a href=\"https:\/\/wehr51.com\/\" target=\"_blank\" rel=\"noreferrer noopener\">WEHR51 Performative K\u00fcnste<\/a><\/p>\n\n\n\n<hr class=\"wp-block-separator has-css-opacity\"\/>\n\n\n\n<h2 class=\"wp-block-heading\" id=\"kunstschulen\">Kunstschulen<\/h2>\n\n\n\n<p><a href=\"https:\/\/www.report-k.de\/Kultur\/Kunst\" target=\"_blank\" rel=\"noreferrer noopener\">Kunsthochschule f\u00fcr Medien K\u00f6ln<\/a><\/p>\n\n\n\n<p><a rel=\"noreferrer noopener\" href=\"http:\/\/www.private-malschule-koeln.de\/\" target=\"_blank\">Private Malschule K\u00f6ln Dieter Laue<\/a><\/p>\n\n\n\n<hr class=\"wp-block-separator has-css-opacity\"\/>\n\n\n\n<p><\/div>\n\t\t<\/div><div class='yrm-btn-wrapper yrm-btn-wrapper-1 yrm-more-button-wrapper  '\n\t\tdata-custom-more-class-name='' data-custom-less-class-name=''><span title='' data-less-title='' data-more-title='' class='yrm-toggle-expand  yrm-toggle-expand-1 ' data-rel='yrm-hPHkf' data-more='Mehr' data-less='Weniger'><span class='yrm-text-wrapper yrm-text-wrapper-custom-dimensions'><span class=\"yrm-button-text-1 yrm-button-text-span\">Mehr<\/span><\/span><\/span><\/div>\n\n\n\n<h2 class=\"wp-block-heading\" id=\"tid218\">Wasserzeich(n)en &#8211; Malereiworkshop mit Dieter Laue \n<\/h2>\n\n\n\n<h3 class=\"wp-block-heading\" id=\"entdecken-sie-ihr-kunstlerisches-potenzial\">Entdecken Sie Ihr k\u00fcnstlerisches Potenzial!<\/h3>\n\n\n<div class=\"wp-block-image is-style-default\">\n<figure class=\"aligncenter size-medium\"><a href=\"https:\/\/cologneweb.com\/AbisZ\/wp-content\/uploads\/2021\/03\/atelier_dieter.jpg\"><img loading=\"lazy\" decoding=\"async\" width=\"300\" height=\"225\" src=\"https:\/\/cologneweb.com\/AbisZ\/wp-content\/uploads\/2021\/03\/atelier_dieter-300x225.jpg\" alt=\"Im Atelier des K\u00f6lner Malers Dieter Laue\" class=\"wp-image-850\" srcset=\"https:\/\/cologneweb.com\/AbisZ\/wp-content\/uploads\/2021\/03\/atelier_dieter-300x225.jpg 300w, https:\/\/cologneweb.com\/AbisZ\/wp-content\/uploads\/2021\/03\/atelier_dieter-1024x768.jpg 1024w, https:\/\/cologneweb.com\/AbisZ\/wp-content\/uploads\/2021\/03\/atelier_dieter-768x576.jpg 768w, https:\/\/cologneweb.com\/AbisZ\/wp-content\/uploads\/2021\/03\/atelier_dieter-1536x1152.jpg 1536w, https:\/\/cologneweb.com\/AbisZ\/wp-content\/uploads\/2021\/03\/atelier_dieter-1200x900.jpg 1200w, https:\/\/cologneweb.com\/AbisZ\/wp-content\/uploads\/2021\/03\/atelier_dieter.jpg 1632w\" sizes=\"auto, (max-width: 300px) 85vw, 300px\" \/><\/a><figcaption class=\"wp-element-caption\">Im Atelier des K\u00f6lner Malers Dieter Laue<\/figcaption><\/figure>\n<\/div>\n\n\n<p class=\"has-drop-cap has-light-gray-background-color has-background\">\nLernen Sie, Ihre eigenen Ideen ins Bild zu setzen und lassen  Sie sich von der Wechselwirkung von Farbe und Wasser inspirieren! Das  Wasser flie\u00dft und sofort entstehen durch die Hemmung der Materie Ufer,  farbige Grenzlinien und Vernetzungen. Dieses scheinbar Zuf\u00e4llige wird  durch einen Einsatz von F\u00fcllstoffen zu Str\u00f6mungsmustern, zu planbaren  Texturen, die von holzschnittartigen Linien bis zu organischen  Strukturen oder den Wirbeln und Schwingungen von Wasserbewegungen  reichen k\u00f6nnen. Dies alles eignet sich aber nicht nur f\u00fcr abstrakte  Malerei. Gerade das Gegenst\u00e4ndliche wird durch die Einwirkungen des  Wasserflusses auf poetische Weise verfremdet ohne dabei ungegenst\u00e4ndlich  zu werden. Die Malerei gewinnt an Geheimnis und ihre Inhalte und  Stimmungen erweitern sich \u00fcber das bewusst Absichtliche hinaus. <br> <br> Der Workshop findet im K\u00f6lner Atelier des K\u00fcnstlers statt, kann auf  Wunsch aber auch an einem anderen Ort durchgef\u00fchrt werden, zum Beispiel  in Ihrer Firma oder bei sch\u00f6nem Wetter auch im Freien.<br> Leinw\u00e4nde und alle anderen Materialien werden gestellt.<br> Am Ende k\u00f6nnen Sie ihr eigenes Kunstwerk mitnehmen.<br> <br> <a href=\"http:\/\/www.dieter-laue.de\">Dieter Laue<\/a> ist freischaffender K\u00fcnstler. Er lebt in K\u00f6ln. Sein Studium der Freien Malerei und des Siebdrucks an der FH K\u00f6ln  schloss er mit Meistersch\u00fclerexamen ab. <br> Seit 1975 stellt er in Deutschland und im benachbarten Ausland kontinuierlich aus. <\/p>\n\n\n\n<p class=\"has-light-gray-background-color has-background\">Max. 10 Teilnehmer, Dauer: 3 Stunden<\/p>\n\n\n\n<p class=\"has-light-gray-background-color has-background\">Preis pro Teilnehmer: \u20ac 150,-, Mindestpreis \u20ac 750,-<\/p>\n\n\n\n<p class=\"has-light-gray-background-color has-background\">Kosten f\u00fcr An- und Abreise und Transport kommen hinzu, wenn der Workshop nicht im Atelier stattfindet.                 <\/p>\n\n\n\n<p class=\"has-yellow-background-color has-background\"><a href=\"https:\/\/buchung.insidecologne.de\/de\/buchung?tid=218\">Diese Veranstaltung (Wasserzeich(n)en &#8211; Malereiworkshop mit Dieter Laue) anfragen oder buchen<\/a><\/p>\n\n\n\n<hr class=\"wp-block-separator has-css-opacity\"\/>\n\n\n\n<h2 class=\"wp-block-heading\" id=\"tid187\">Das K\u00f6lner Kultur-Picknick \n<\/h2>\n\n\n\n<h3 class=\"wp-block-heading\" id=\"kunst-und-natur-links-und-rechts-vom-rhein-erleben-mobil-spannend-anders\">Kunst und Natur links und rechts vom Rhein erleben \u2013 mobil, spannend, anders!<\/h3>\n\n\n<div class=\"wp-block-image is-style-default\">\n<figure class=\"aligncenter size-medium\"><a href=\"https:\/\/insidecologne.de\/wp-content\/uploads\/2021\/03\/Rikscha.jpg\"><img decoding=\"async\" src=\"https:\/\/insidecologne.de\/wp-content\/uploads\/2021\/03\/Rikscha-300x224.jpg\" alt=\"Mit Fahrrad-Rikschas vorbei an den Liebesschl\u00f6ssern auf der Hohenzollernbr\u00fccke\" class=\"wp-image-1778\"\/><\/a><figcaption class=\"wp-element-caption\">Mit Fahrrad-Rikschas vorbei an den Liebesschl\u00f6ssern auf der Hohenzollernbr\u00fccke<\/figcaption><\/figure>\n<\/div>\n\n\n<p class=\"has-drop-cap has-light-gray-background-color has-background\">Ein bisschen Stadtgeschichte muss einfach sein. Deshalb zeigen wir Ihnen als Einstieg die wichtigsten Sehensw\u00fcrdigkeiten per Bus. <br>Im Anschluss geht es unter kundiger Leitung in den kleinen, aber feinen Skulpturenpark im Norden der Stadt, der mit mehr als 30 interessanten Kunstobjekten in einer idyllischen Gartenlandschaft aufwarten kann. <br> Von hier sind es nur wenige Schritte zur Rheinseilbahn, mit der Sie gem\u00fctlich \u00fcber den Fluss schweben und ganz entspannt den einzigartigen Panoramablick genie\u00dfen k\u00f6nnen, denn es handelt sich um K\u00f6lns sicherstes Verkehrsmittel! Auf der anderen Seite werden Sie im Rheinpark bereits von Ihrer pers\u00f6nlichen Rikschaflotte erwartet, die Ihnen an einem lauschigen Pl\u00e4tzchen ein typisch k\u00f6lsches oder mediterranes Picknick bereitet und Sie schlie\u00dflich zur\u00fcck zum Dom radelt, ohne dass Sie selbst ein einziges Mal in die Pedale treten m\u00fcssen.<\/p>\n\n\n\n<p class=\"has-light-gray-background-color has-background\">Diese Tour wurde von dem K\u00fcnstler und Kulturvermittler<a href=\"https:\/\/cologneweb.com\/AtelierThomasPlum\/\" data-type=\"link\" data-id=\"https:\/\/cologneweb.com\/AtelierThomasPlum\/\" target=\"_blank\" rel=\"noreferrer noopener\"> Dr.Thomas Plum<\/a> konzipiert, der sie auch selber f\u00fchrt.<\/p>\n\n\n\n<ul class=\"wp-block-list has-light-gray-background-color has-background\">\n<li>Reiseleitung durch qualifizierten Guide<\/li>\n\n\n\n<li>Bus mit Fahrer<\/li>\n\n\n\n<li>Anmeldung der F\u00fchrung im Skulpturenpark<\/li>\n\n\n\n<li>Tickets f\u00fcr die Rheinseilbahn<\/li>\n\n\n\n<li>Fahrrad-Rikschas mit Fahrer<\/li>\n\n\n\n<li>Picknick mit kalten Speisen und Getr\u00e4nken<\/li>\n<\/ul>\n\n\n\n<p class=\"has-light-gray-background-color has-background\">Gruppen ab 10 Personen<\/p>\n\n\n\n<p class=\"has-light-gray-background-color has-background\">Dauer: ca. 3,5 Std.<\/p>\n\n\n\n<p class=\"has-light-gray-background-color has-background\">Preis: 125,00 \u20ac pro Person, Mindestpreis \u20ac 1.250,- (inkl. Picknick)<\/p>\n\n\n\n<p class=\"has-yellow-background-color has-background\"><a href=\"https:\/\/buchung.insidecologne.de\/de\/buchung?tid=187\">Diese Veranstaltung (Das K\u00f6lner Kultur-Picknick) anfragen oder buchen<\/a><\/p>\n\n\n\n<hr class=\"wp-block-separator has-css-opacity\"\/>\n\n\n\n<h2 class=\"wp-block-heading\" id=\"tid67\">Brunnen, S\u00e4ulen, Sonderbares<\/h2>\n\n\n\n<h3 class=\"wp-block-heading\" id=\"kunst-fur-kinder\">Kunst f\u00fcr Kinder<\/h3>\n\n\n<div class=\"wp-block-image is-style-default\">\n<figure class=\"aligncenter size-medium\"><a href=\"https:\/\/cologneweb.com\/AbisZ\/wp-content\/uploads\/2021\/03\/dom-mit-nase.jpg\"><img loading=\"lazy\" decoding=\"async\" width=\"300\" height=\"240\" src=\"https:\/\/cologneweb.com\/AbisZ\/wp-content\/uploads\/2021\/03\/dom-mit-nase-300x240.jpg\" alt=\"Kinderzeichnung - Der Dom als Karnevalsjeck\" class=\"wp-image-860\" srcset=\"https:\/\/cologneweb.com\/AbisZ\/wp-content\/uploads\/2021\/03\/dom-mit-nase-300x240.jpg 300w, https:\/\/cologneweb.com\/AbisZ\/wp-content\/uploads\/2021\/03\/dom-mit-nase-1024x821.jpg 1024w, https:\/\/cologneweb.com\/AbisZ\/wp-content\/uploads\/2021\/03\/dom-mit-nase-768x615.jpg 768w, https:\/\/cologneweb.com\/AbisZ\/wp-content\/uploads\/2021\/03\/dom-mit-nase-1536x1231.jpg 1536w, https:\/\/cologneweb.com\/AbisZ\/wp-content\/uploads\/2021\/03\/dom-mit-nase-1200x962.jpg 1200w, https:\/\/cologneweb.com\/AbisZ\/wp-content\/uploads\/2021\/03\/dom-mit-nase.jpg 1973w\" sizes=\"auto, (max-width: 300px) 85vw, 300px\" \/><\/a><figcaption class=\"wp-element-caption\">Der Dom als Karnevalsjeck<\/figcaption><\/figure>\n<\/div>\n\n\n<p class=\"has-drop-cap has-light-gray-background-color has-background\">Kunst kennen die meisten wahrscheinlich vor allem aus dem  Museum. Dort muss man immer vorsichtig sein und darf nichts anfassen.  Bei dieser F\u00fchrung ist das ganz anders. Denn Kunstwerke stehen auch  \u00fcberall in der Stadt herum, und die sind dazu gemacht, dass man auf  ihnen heruml\u00e4uft, sie ber\u00fchrt und anfasst. Denn so versteht man am  besten, was sie zu bedeuten haben. Bei dieser F\u00fchrung wird\u2019s erkl\u00e4rt.<\/p>\n\n\n\n<p class=\"has-light-gray-background-color has-background\"><em>Empfohlenes Alter: 6-10 Jahre, Begleitung durch Erwachsene erforderlich.<\/em>  <br><em>Im Anschluss an die F\u00fchrung k\u00f6nnen die Kinder mit Stra\u00dfenkreide malen. Material stellen wir kostenlos zur Verf\u00fcgung.<\/em> <\/p>\n\n\n\n<p class=\"has-light-gray-background-color has-background\">Max. 30 Personen<\/p>\n\n\n\n<p class=\"has-light-gray-background-color has-background\">Dauer: 1 &#8211; 1,5 Std.<\/p>\n\n\n\n<p class=\"has-light-gray-background-color has-background\">Treffpunkt: Heinzelm\u00e4nnchenbrunnen, Am Hof                 <\/p>\n\n\n\n<p class=\"has-light-gray-background-color has-background\">Gruppenpreis \u20ac 165,-<\/p>\n\n\n\n<p class=\"has-yellow-background-color has-background\"><a href=\"https:\/\/buchung.insidecologne.de\/de\/buchung?tid=67\">Diese Veranstaltung (Brunnen, S\u00e4ulen, Sonderbares) anfragen oder buchen<\/a><\/p>\n\n\n\n<hr class=\"wp-block-separator has-alpha-channel-opacity\"\/>\n\n\n\n<h2 class=\"wp-block-heading\" id=\"tid82\">Kostbare Gem\u00e4lde und bet\u00f6rende D\u00fcfte<\/h2>\n\n\n\n<h3 class=\"wp-block-heading\">Eine kleine Kulturreise der Sinne<\/h3>\n\n\n\n<figure class=\"wp-block-image size-full\"><a href=\"https:\/\/farina1709.com\/?src=link&amp;ref=5cyJ7MFWuDMGfspD\" target=\"_blank\" rel=\" noreferrer noopener\"><img decoding=\"async\" src=\"https:\/\/insidecologne.de\/wp-content\/uploads\/2025\/07\/farina-1709-logo_mail-1473176650.png\" alt=\"Farina\" class=\"wp-image-3339\"\/><\/a><\/figure>\n\n\n\n<p class=\"has-drop-cap has-light-gray-background-color has-background\"> Wir beginnen unsere kleine Kulturreise mit einer F\u00fchrung durch  die weltber\u00fchmte Gem\u00e4ldesammlung des Wallraf-Richartz-Museums &amp; Fondation  Corboud. <br> Lassen Sie ausgew\u00e4hlte Werke der Malerei des Mittelalters, des Barock  und des Impressionismus unter fachkundiger Leitung Revue passieren!<\/p>\n\n\n\n<p class=\"has-light-gray-background-color has-background\"> Anschlie\u00dfend besuchen wir das Farina-Haus in der Nachbarschaft des Museums. Dort befindet sich K\u00f6lns einzigartiges Eau de Cologne Museum, beheimatet  in der \u00e4ltesten Parfumfabrik der Welt. Vor 300 Jahren erfand hier  Johann Maria Farina seinen ber\u00fchmten Duft;<\/p>\n\n\n\n<blockquote class=\"wp-block-quote is-layout-flow wp-block-quote-is-layout-flow\">\n<p>\u201eMein Duft ist wie ein italienischer Fr\u00fchlingsmorgen nach dem Regen, <a href=\"https:\/\/de.wikipedia.org\/wiki\/Orange_(Frucht)\">Orangen<\/a>, <a href=\"https:\/\/de.wikipedia.org\/wiki\/Pampelmuse\">Pampelmusen<\/a>, Citronen, <a href=\"https:\/\/de.wikipedia.org\/wiki\/Bergamotte_(Zitrusfr%C3%BCchte)\">Bergamotte<\/a>, <a href=\"https:\/\/de.wikipedia.org\/wiki\/Zitronatzitrone\">Cedrat<\/a>, <a href=\"https:\/\/de.wikipedia.org\/wiki\/Limette\">Limette<\/a> und die Bl\u00fcten und Kr\u00e4uter meiner Heimat.\u201c<\/p>\n<\/blockquote>\n\n\n\n<p>\u2013 Johann Maria Farina<\/p>\n\n\n\n<p class=\"has-light-gray-background-color has-background\">Ein Schauspieler f\u00fchrt kost\u00fcmiert durch das Museum. Danach erhalten Sie ein kleines Pr\u00e4sent.<\/p>\n\n\n\n<p class=\"has-light-gray-background-color has-background\"> Max. 20 Personen<\/p>\n\n\n\n<p class=\"has-light-gray-background-color has-background\">Dauer ca. 3 Stunden <\/p>\n\n\n\n<p class=\"has-light-gray-background-color has-background\">Treffpunkt: Foyer Wallraf-Richartz-Museum, an der Kasse                 <\/p>\n\n\n\n<p class=\"has-light-gray-background-color has-background\">Gruppenpreis \u20ac 395,-  zzgl. Eintritt und Gruppengeb\u00fchr Wallraf-Richartz-Museum &amp; Fondation Corboud <\/p>\n\n\n\n<p class=\"has-light-gray-background-color has-background\">Optional: Sektempfang im Farina-Haus. Preis auf Anfrage.<\/p>\n\n\n\n<p class=\"has-yellow-background-color has-background\"><a href=\"https:\/\/buchung.insidecologne.de\/de\/buchung?tid=82\">Diese Veranstaltung (Kostbare Gem\u00e4lde und bet\u00f6rende D\u00fcfte) anfragen oder buchen<\/a><\/p>\n","protected":false},"excerpt":{"rendered":"<p>Aktuelle Termine | In memoriam: Klaus Winterfeld | Parzival K\u00fcnstlerinnen und K\u00fcnstler Wasserzeich(n)en &#8211; Malereiworkshop mit Dieter Laue Entdecken Sie Ihr k\u00fcnstlerisches Potenzial! Lernen Sie, Ihre eigenen Ideen ins Bild zu setzen und lassen Sie sich von der Wechselwirkung von Farbe und Wasser inspirieren! Das Wasser flie\u00dft und sofort entstehen durch die Hemmung der Materie &hellip; <a href=\"https:\/\/cologneweb.com\/AbisZ\/service\/kunst\/\" class=\"more-link\"><span class=\"screen-reader-text\">\u201eKunst\u201c<\/span> weiterlesen<\/a><\/p>\n","protected":false},"author":1,"featured_media":845,"parent":23,"menu_order":0,"comment_status":"closed","ping_status":"closed","template":"","meta":{"footnotes":""},"class_list":["post-839","page","type-page","status-publish","has-post-thumbnail","hentry"],"_links":{"self":[{"href":"https:\/\/cologneweb.com\/AbisZ\/wp-json\/wp\/v2\/pages\/839","targetHints":{"allow":["GET"]}}],"collection":[{"href":"https:\/\/cologneweb.com\/AbisZ\/wp-json\/wp\/v2\/pages"}],"about":[{"href":"https:\/\/cologneweb.com\/AbisZ\/wp-json\/wp\/v2\/types\/page"}],"author":[{"embeddable":true,"href":"https:\/\/cologneweb.com\/AbisZ\/wp-json\/wp\/v2\/users\/1"}],"replies":[{"embeddable":true,"href":"https:\/\/cologneweb.com\/AbisZ\/wp-json\/wp\/v2\/comments?post=839"}],"version-history":[{"count":130,"href":"https:\/\/cologneweb.com\/AbisZ\/wp-json\/wp\/v2\/pages\/839\/revisions"}],"predecessor-version":[{"id":5270,"href":"https:\/\/cologneweb.com\/AbisZ\/wp-json\/wp\/v2\/pages\/839\/revisions\/5270"}],"up":[{"embeddable":true,"href":"https:\/\/cologneweb.com\/AbisZ\/wp-json\/wp\/v2\/pages\/23"}],"wp:featuredmedia":[{"embeddable":true,"href":"https:\/\/cologneweb.com\/AbisZ\/wp-json\/wp\/v2\/media\/845"}],"wp:attachment":[{"href":"https:\/\/cologneweb.com\/AbisZ\/wp-json\/wp\/v2\/media?parent=839"}],"curies":[{"name":"wp","href":"https:\/\/api.w.org\/{rel}","templated":true}]}}