{"id":587,"date":"2021-03-05T14:25:29","date_gmt":"2021-03-05T13:25:29","guid":{"rendered":"https:\/\/cologneweb.com\/AbisZ\/?page_id=587"},"modified":"2021-11-05T23:46:00","modified_gmt":"2021-11-05T22:46:00","slug":"literatur","status":"publish","type":"page","link":"https:\/\/cologneweb.com\/AbisZ\/service\/literatur\/","title":{"rendered":"Literatur"},"content":{"rendered":"\n<p class=\"has-light-gray-background-color has-background\"><a href=\"https:\/\/cologneweb.com\/AbisZ\/service\/literatur\/aktuelle-termine-literatur\/\" data-type=\"page\" data-id=\"2238\">Aktuelle Termine: Literatur<\/a><\/p>\n\n\n\n<h2 class=\"wp-block-heading\">K\u00f6lner Autoren<\/h2>\n\n\n\n<h3 class=\"wp-block-heading\"><a href=\"https:\/\/cologneweb.com\/AbisZ\/service\/literatur\/yvonne-plum\/\" rel=\"noreferrer noopener\">Yvonne Plum<\/a><\/h3>\n\n\n\n<hr class=\"wp-block-separator\"\/>\n\n\n\n<h2 class=\"wp-block-heading\">Literatur in K\u00f6ln<\/h2>\n\n\n\n<p><a href=\"https:\/\/agnesbuchhandlung.buchhandlung.de\/shop\/magazine\/153907\/11_11_21_harald_groehler_liest_aus_dichter_dichter_.html\">Agnes-Buchhandlung <\/a><\/p>\n\n\n\n<p><a rel=\"noreferrer noopener\" href=\"https:\/\/literaturkalender-koeln.de\/\" target=\"_blank\">Literaturkalender K\u00f6ln<\/a><\/p>\n\n\n\n<p><a rel=\"noreferrer noopener\" href=\"https:\/\/literaturhaus-koeln.de\/\" target=\"_blank\">Literaturhaus K\u00f6ln<\/a><\/p>\n\n\n\n<p><a href=\"https:\/\/literaturszene-koeln.de\/\" target=\"_blank\" rel=\"noreferrer noopener\">Literaturszene K\u00f6ln e.V.<\/a><\/p>\n\n\n\n<p><a href=\"https:\/\/literaturinkoeln.de\/\" target=\"_blank\" rel=\"noreferrer noopener\">Literatur in K\u00f6ln<\/a> (mit interaktivem Stadtplan)<\/p>\n\n\n\n<p><a href=\"https:\/\/www.stadt-koeln.de\/leben-in-koeln\/stadtbibliothek\/index.html\" target=\"_blank\" rel=\"noreferrer noopener\">Stadtbibliothek K\u00f6ln<\/a><\/p>\n\n\n\n<p><a rel=\"noreferrer noopener\" href=\"https:\/\/www.litcologne.de\/\" target=\"_blank\">lit.Cologne<\/a><\/p>\n\n\n\n<p><a href=\"https:\/\/www.ub.uni-koeln.de\/index.html\"><\/a><a href=\"https:\/\/www.ub.uni-koeln.de\/index_ger.html\">Universit\u00e4ts- und Stadtbibliothek K\u00f6ln<\/a><\/p>\n","protected":false},"excerpt":{"rendered":"<p>Aktuelle Termine: Literatur K\u00f6lner Autoren Yvonne Plum Literatur in K\u00f6ln Agnes-Buchhandlung Literaturkalender K\u00f6ln Literaturhaus K\u00f6ln Literaturszene K\u00f6ln e.V. Literatur in K\u00f6ln (mit interaktivem Stadtplan) Stadtbibliothek K\u00f6ln lit.Cologne Universit\u00e4ts- und Stadtbibliothek K\u00f6ln<\/p>\n","protected":false},"author":1,"featured_media":0,"parent":23,"menu_order":0,"comment_status":"closed","ping_status":"closed","template":"","meta":{"footnotes":""},"class_list":["post-587","page","type-page","status-publish","hentry"],"_links":{"self":[{"href":"https:\/\/cologneweb.com\/AbisZ\/wp-json\/wp\/v2\/pages\/587","targetHints":{"allow":["GET"]}}],"collection":[{"href":"https:\/\/cologneweb.com\/AbisZ\/wp-json\/wp\/v2\/pages"}],"about":[{"href":"https:\/\/cologneweb.com\/AbisZ\/wp-json\/wp\/v2\/types\/page"}],"author":[{"embeddable":true,"href":"https:\/\/cologneweb.com\/AbisZ\/wp-json\/wp\/v2\/users\/1"}],"replies":[{"embeddable":true,"href":"https:\/\/cologneweb.com\/AbisZ\/wp-json\/wp\/v2\/comments?post=587"}],"version-history":[{"count":212,"href":"https:\/\/cologneweb.com\/AbisZ\/wp-json\/wp\/v2\/pages\/587\/revisions"}],"predecessor-version":[{"id":2241,"href":"https:\/\/cologneweb.com\/AbisZ\/wp-json\/wp\/v2\/pages\/587\/revisions\/2241"}],"up":[{"embeddable":true,"href":"https:\/\/cologneweb.com\/AbisZ\/wp-json\/wp\/v2\/pages\/23"}],"wp:attachment":[{"href":"https:\/\/cologneweb.com\/AbisZ\/wp-json\/wp\/v2\/media?parent=587"}],"curies":[{"name":"wp","href":"https:\/\/api.w.org\/{rel}","templated":true}]}}