{"id":494,"date":"2021-03-01T21:46:31","date_gmt":"2021-03-01T20:46:31","guid":{"rendered":"https:\/\/cologneweb.com\/AbisZ\/?page_id=494"},"modified":"2023-11-20T16:59:22","modified_gmt":"2023-11-20T15:59:22","slug":"karneval","status":"publish","type":"page","link":"https:\/\/cologneweb.com\/AbisZ\/service\/karneval\/","title":{"rendered":"Karneval"},"content":{"rendered":"\n<figure class=\"wp-block-gallery has-nested-images columns-default is-cropped wp-block-gallery-1 is-layout-flex wp-block-gallery-is-layout-flex\">\n<figure class=\"wp-block-image size-large\"><a href=\"https:\/\/cologneweb.com\/AbisZ\/wp-content\/uploads\/2021\/03\/IMG_5339.jpg\"><img loading=\"lazy\" decoding=\"async\" width=\"1024\" height=\"1024\" data-id=\"501\" src=\"https:\/\/cologneweb.com\/AbisZ\/wp-content\/uploads\/2021\/03\/IMG_5339-1024x1024.jpg\" alt=\"\" class=\"wp-image-501\" srcset=\"https:\/\/cologneweb.com\/AbisZ\/wp-content\/uploads\/2021\/03\/IMG_5339-1024x1024.jpg 1024w, https:\/\/cologneweb.com\/AbisZ\/wp-content\/uploads\/2021\/03\/IMG_5339-300x300.jpg 300w, https:\/\/cologneweb.com\/AbisZ\/wp-content\/uploads\/2021\/03\/IMG_5339-150x150.jpg 150w, https:\/\/cologneweb.com\/AbisZ\/wp-content\/uploads\/2021\/03\/IMG_5339-768x768.jpg 768w, https:\/\/cologneweb.com\/AbisZ\/wp-content\/uploads\/2021\/03\/IMG_5339.jpg 1200w\" sizes=\"auto, (max-width: 709px) 85vw, (max-width: 909px) 67vw, (max-width: 1362px) 62vw, 840px\" \/><\/a><\/figure>\n\n\n\n<figure class=\"wp-block-image size-large\"><a href=\"https:\/\/cologneweb.com\/AbisZ\/wp-content\/uploads\/2021\/03\/IMG_5329.jpg\"><img loading=\"lazy\" decoding=\"async\" width=\"1024\" height=\"1024\" data-id=\"500\" src=\"https:\/\/cologneweb.com\/AbisZ\/wp-content\/uploads\/2021\/03\/IMG_5329-1024x1024.jpg\" alt=\"\" class=\"wp-image-500\" srcset=\"https:\/\/cologneweb.com\/AbisZ\/wp-content\/uploads\/2021\/03\/IMG_5329-1024x1024.jpg 1024w, https:\/\/cologneweb.com\/AbisZ\/wp-content\/uploads\/2021\/03\/IMG_5329-300x300.jpg 300w, https:\/\/cologneweb.com\/AbisZ\/wp-content\/uploads\/2021\/03\/IMG_5329-150x150.jpg 150w, https:\/\/cologneweb.com\/AbisZ\/wp-content\/uploads\/2021\/03\/IMG_5329-768x768.jpg 768w, https:\/\/cologneweb.com\/AbisZ\/wp-content\/uploads\/2021\/03\/IMG_5329.jpg 1200w\" sizes=\"auto, (max-width: 709px) 85vw, (max-width: 909px) 67vw, (max-width: 1362px) 62vw, 840px\" \/><\/a><\/figure>\n\n\n\n<figure class=\"wp-block-image size-large\"><a href=\"https:\/\/cologneweb.com\/AbisZ\/wp-content\/uploads\/2021\/03\/IMG_5324.jpg\"><img loading=\"lazy\" decoding=\"async\" width=\"1024\" height=\"1024\" data-id=\"499\" src=\"https:\/\/cologneweb.com\/AbisZ\/wp-content\/uploads\/2021\/03\/IMG_5324-1024x1024.jpg\" alt=\"\" class=\"wp-image-499\" srcset=\"https:\/\/cologneweb.com\/AbisZ\/wp-content\/uploads\/2021\/03\/IMG_5324-1024x1024.jpg 1024w, https:\/\/cologneweb.com\/AbisZ\/wp-content\/uploads\/2021\/03\/IMG_5324-300x300.jpg 300w, https:\/\/cologneweb.com\/AbisZ\/wp-content\/uploads\/2021\/03\/IMG_5324-150x150.jpg 150w, https:\/\/cologneweb.com\/AbisZ\/wp-content\/uploads\/2021\/03\/IMG_5324-768x768.jpg 768w, https:\/\/cologneweb.com\/AbisZ\/wp-content\/uploads\/2021\/03\/IMG_5324.jpg 1200w\" sizes=\"auto, (max-width: 709px) 85vw, (max-width: 909px) 67vw, (max-width: 1362px) 62vw, 840px\" \/><\/a><\/figure>\n<figcaption class=\"blocks-gallery-caption wp-element-caption\">Rosenmontagszug am 7. M\u00e4rz 2011 &#8211; Severinstra\u00dfe<\/figcaption><\/figure>\n\n\n\n<h2 class=\"wp-block-heading\">Die &#8222;f\u00fcnfte Jahreszeit&#8220; im <a href=\"https:\/\/www.koelner-karneval.org\/koelner-karnevalsmuseum\/\" target=\"_blank\" rel=\"noreferrer noopener\">K\u00f6lner Karnevalsmuseum<\/a><\/h2>\n\n\n\n<p class=\"has-drop-cap\">Die Urspr\u00fcnge des K\u00f6lner Karnevals m\u00f6gen bis in die Antike zur\u00fcckreichen. Tatsache ist, da\u00df erst seit 1823 &#8222;ordentlich&#8220; gefeiert wird. Damals gr\u00fcndeten einige Honoratioren der Stadt, Mitglieder der &#8222;Olympischen Gesellschaft&#8220; &#8211; u.a. Ferdinand Franz Wallraf und Heinrich von Wittgenstein &#8211; das &#8222;Festordnende Komitee&#8220;. Das chaotische Treiben der Narren sollte fortan in geordneten Bahnen ablaufen. Zum H\u00f6hepunkt der Session wurde der Maskenzug am Rosenmontag. Garant der Ordnung war der &#8222;Held Karneval&#8220; &#8211; Vorg\u00e4nger des Prinzen, der gek\u00fcrt wurde, nachdem auch der K\u00f6lsche Fastelovend in der wilhelminischen Zeit kaisertreu geworden war. F\u00fcr den Rosenmontagszug reichte damals der Neumarkt aus; heute ist der Zug sieben Kilometer lang und rollt \u00fcber drei Stunden lang durch die K\u00f6lner Innenstadt. <\/p>\n\n\n<div class='yrm-content yrm-content-1 yrm-content-hide  ' id='yrm-0n2bR' data-id='1' data-show-status='false' data-after-action='' style=\"visibility: hidden;height: 0;\">\n\t\t\t<div id='yrm-inner-content-yrm-0n2bR' class='yrm-inner-content-wrapper yrm-cntent-1'><\/p>\n\n\n<p>Aus einem romantischen Fest ist ein bedeutender Wirtschaftsfaktor geworden. Eine Studie des renommierten McKinsey-Instituts errechnete j\u00fcngst, da\u00df der &#8222;K\u00f6lsche Fastelovend&#8220; rund 3.000 Arbeitspl\u00e4tze sichert und der K\u00f6lner Wirtschaft einen Gesamtnutzen von 500 Millionen DM beschert. Der K\u00f6lner Karneval ist eine ernste Angelegenheit, und es wird hart f\u00fcr ihn gearbeitet. Er ist nicht nur ein Saisongesch\u00e4ft, das sich auf die &#8222;F\u00fcnfte Jahreszeit&#8220; (vom &#8222;Elften im Elften&#8220; bis Aschermittwoch) beschr\u00e4nkt, sondern Lebensinhalt f\u00fcr tausende &#8222;Jecken&#8220;. Allein hundert Gesellschaften sind Mitglied des Festkomitees. Diese sind das ganze Jahr \u00fcber aktiv. &#8222;Einmal Prinz zu sein&#8220; &#8211; das ist wohl der Traum jedes Karnevalisten. <\/p>\n\n\n\n<p>Nicht nur f\u00fcr organisierte Karnevalisten interessant ist das K\u00f6lner Karnevals-Museum. Das Museum verf\u00fcgt \u00fcber einen Fundus von 16.000 Karnevalskost\u00fcmen. Sie werden von den Aktiven getragen und kommen nach jeder Session geflickt und gereinigt zur\u00fcck. <\/p>\n\n\n\n<p>Schon zur R\u00f6merzeit wurde am Jahresende der Gott Saturn gefeiert. W\u00e4hrend der &#8222;Saturnalien&#8220; bewirteten die Freien die Sklaven. Zu Ehren der G\u00f6ttin Isis wurde ein Schiffswagen durch die Stra\u00dfen gezogen; ob sich von diesem &#8222;Carrus navalis&#8220; das Wort Karneval ableitet, ist aber fraglich.<\/p>\n\n\n\n<p>Sp\u00e4ter wurde aus dem heidnischen Kult ein christliches Fest. Wichtiger als der Rosenmontag war der vorausgehende Sonntag &#8222;Laetare&#8220; (&#8222;Freut euch!&#8220;), an dem das bereits nach dem Ende der Weihnachtszeit begonnene strenge Fasten und B\u00fc\u00dfen einen Tag unterbrochen wurde und man fr\u00f6hlich feiern durfte. Das Wort Karneval hat wahrscheinlich in &#8222;carne vale&#8220; (&#8222;Fleisch ad\u00e9!&#8220;) seinen Ursprung.<\/p>\n\n\n\n<p>Aus dem Fest der Winteraustreibung wurde der &#8222;Vastavent&#8220; (von dem das k\u00f6lsche Wort &#8222;Fastelovend&#8220; ableitet), der Tag vor dem Beginn der vor\u00f6sterlichen Askese. Auch damals galt also schon: Am Aschermittwoch ist alles vorbei. Das ausgelassene &#8222;Mommen und Trommen&#8220; machte auch vor den Kl\u00f6stern und Stiften nicht halt. M\u00f6nche und Nonnen feierten sogar bereits eine Woche vorher, n\u00e4mlich an Weiberfastnacht; zur &#8222;Pfaffenfastnacht&#8220; w\u00e4hlte man sogar einen Narrenbischof. <\/p>\n\n\n\n<p>Im b\u00fcrgerlichen Zeitalter, das in K\u00f6ln 1794 mit dem Einmarsch der Franzosen begann, wurde der Karneval zun\u00e4chst einmal abgeschafft, galt er doch als Relikt des &#8222;Anci\u00e8n Regime&#8220;. Als das Karnevalsverbot zu Beginn des 19. Jahrhunderts wieder aufgehoben wurde, geriet das tolle Treiben au\u00dfer Rand und Band. Es fehlte ein Regulativ, denn die traditionellen Tr\u00e4ger des Festes &#8211; Patrizier, Z\u00fcnfte und Kirche &#8211; waren verschwunden bzw. hatten ihren Einflu\u00df verloren. <\/p>\n\n\n\n<p>Dies f\u00fchrte zur Wiedergeburt des K\u00f6lschen Fasteleer aus dem Geiste der Romantik: als &#8222;volkst\u00fcmliches&#8220; Fest, das von einem Komitee minuti\u00f6s geplant wurde. Das \u00e4lteste schriftliche Dokument, das das K\u00f6lner Karnevalsmuseum aus dieser Zeit besitzt, ist das &#8222;Protokollbuch des Festordnenden Comitees&#8220; von 1827. <\/p>\n\n\n\n<p>Auf den Versammlungen der (ausschlie\u00dflich m\u00e4nnlichen) Komiteemitglieder wurden auch schon bald die ersten Orden verliehen &#8211; als Parodie auf die Ordensflut der deutschen Kleinstaaterei und des Milit\u00e4rs, aber dennoch als Belohnung ernstgemeint. Die erste K\u00f6lner Ordensmedaille stammt aus dem Jahre 1838. Ein Exemplar davon geh\u00f6rt zu den sch\u00f6nsten Schaust\u00fccken des Museums. Die Goldmedaille tr\u00e4gt die Aufschrift: &#8222;Weisheit im Narrenkleid bringt uns die goldne Zeit&#8220;. Von liberaler Gesinnung zeugt die K\u00f6lsche Narrenkappe, die &#8222;Fastelovendsm\u00f6tz&#8220;: &#8222;Gleiche Br\u00fcder, gleiche Kappen!&#8220; war die Forderung. Die Gesellschaftsm\u00fctze wurde bereits 1827 erfunden. <\/p>\n\n\n\n<p>Das Dreigestirn aus Prinz, Bauer und Jungfrau (statt Prinz und Prinzessin, wie z. B. in D\u00fcsseldorf) ist eine k\u00f6lsche Erfindung. Auch dies wird im gro\u00dfen Ausstellungsraum ausf\u00fchrlich dokumentiert. Das &#8222;Trifolium&#8220;, das w\u00e4hrend der gesamten Session stets gemeinsam auftritt, gibt es erst seit 1883. <\/p>\n\n\n\n<p>Als Symbolfiguren vergangener reichsst\u00e4dtischer Freiheit wurden Bauer und Jungfrau bereits seit Mitte des 19. Jahrhunderts im Rosenmontagszug eingruppiert, doch bis zum Kaiserreich f\u00fchrte der Held Karneval das alleinige Regiment. <\/p>\n\n\n\n<p>Das <a href=\"https:\/\/www.koelner-karneval.org\/festkomitee-des-koelner-karnevals\/\" target=\"_blank\" rel=\"noreferrer noopener\">Festkomitee des K\u00f6lner Karnevals von 1823 e.V.<\/a> versteht sich als &#8222;Gesamt-Interessenvertretung des K\u00f6lner Karnevals&#8220;. Tats\u00e4chlich vertritt es jedoch nur die Interessen seiner Mitglieder. Dementsprechend findet sich auch im Karnevalsmuseum nichts \u00fcber den &#8222;inoffiziellen&#8220; Karneval, der in den letzten Jahren durch Veranstaltungen wie die <a href=\"https:\/\/stunksitzung.de\/\" target=\"_blank\" rel=\"noreferrer noopener\">Stunksitzung<\/a> und den <a href=\"https:\/\/www.geisterzug.de\/\" target=\"_blank\" rel=\"noreferrer noopener\">Geisterzug<\/a> gerade die j\u00fcngere Generation wieder anspricht. Diese kehrt der offiziellen Brauchtumspflege in der Mehrzahl den R\u00fccken, feiert aber begeistert den Stra\u00dfen- und Kneipenkarneval und bereicherte das Fest um den Ritus der &#8222;Nubbelverbrennung&#8220;. <\/p>\n\n\n\n<p>L\u00e4ngst gilt nicht mehr, was Wolfgang Niedecken 1981 in einem Song der Gruppe <a href=\"https:\/\/www.bap.de\/index.php\" target=\"_blank\" rel=\"noreferrer noopener\">BAP<\/a> sang: &#8222;Nit f\u00f6r Kooche bleev ich Karneval he&#8220;, denn es gibt inzwischen f\u00fcr jeden Jeck eine Alternative zu Sitzungen, B\u00e4llen und Rosenmontagszug. Da\u00df auch das Karnevalsmuseum diese erneute Reform des Karnevals eines Tages w\u00fcrdigen wird, bleibt zu hoffen.<\/p>\n\n\n\n<hr class=\"wp-block-separator has-css-opacity\"\/>\n\n\n<p><\/div>\n\t\t<\/div><div class='yrm-btn-wrapper yrm-btn-wrapper-1 yrm-more-button-wrapper  '\n\t\tdata-custom-more-class-name='' data-custom-less-class-name=''><span title='' data-less-title='' data-more-title='' class='yrm-toggle-expand  yrm-toggle-expand-1 ' data-rel='yrm-0n2bR' data-more='Mehr' data-less='Weniger'><span class='yrm-text-wrapper yrm-text-wrapper-custom-dimensions'><span class=\"yrm-button-text-1 yrm-button-text-span\">Mehr<\/span><\/span><\/span><\/div>\n\n\n<h2 class=\"wp-block-heading\" id=\"tid225\">Karneval in K\u00f6ln<\/h2>\n\n\n\n<h3 class=\"wp-block-heading\">Ein unterhaltsamer Spaziergang zur \u201ef\u00fcnften Jahreszeit\u201c<\/h3>\n\n\n<div class=\"wp-block-image is-style-default\">\n<figure class=\"aligncenter size-medium\"><img loading=\"lazy\" decoding=\"async\" width=\"300\" height=\"225\" src=\"https:\/\/cologneweb.com\/AbisZ\/wp-content\/uploads\/2021\/02\/karneval_05-300x225.jpg\" alt=\"Rosenmontagszug\" class=\"wp-image-171\" srcset=\"https:\/\/cologneweb.com\/AbisZ\/wp-content\/uploads\/2021\/02\/karneval_05-300x225.jpg 300w, https:\/\/cologneweb.com\/AbisZ\/wp-content\/uploads\/2021\/02\/karneval_05-1024x768.jpg 1024w, https:\/\/cologneweb.com\/AbisZ\/wp-content\/uploads\/2021\/02\/karneval_05-768x576.jpg 768w, https:\/\/cologneweb.com\/AbisZ\/wp-content\/uploads\/2021\/02\/karneval_05-1536x1152.jpg 1536w, https:\/\/cologneweb.com\/AbisZ\/wp-content\/uploads\/2021\/02\/karneval_05-1568x1176.jpg 1568w, https:\/\/cologneweb.com\/AbisZ\/wp-content\/uploads\/2021\/02\/karneval_05.jpg 1600w\" sizes=\"auto, (max-width: 300px) 85vw, 300px\" \/><figcaption class=\"wp-element-caption\">Rosenmontagszug<\/figcaption><\/figure>\n<\/div>\n\n\n<p class=\"has-drop-cap has-light-gray-background-color has-background\">Allj\u00e4hrlich am \u201eElften im Elften\u201c beginnt in der rheinischen Metropole die \u201ef\u00fcnfte Jahreszeit\u201c. Nach Weihnachten geht es dann richtig los. Erst am Aschermittwoch ist alles vorbei.<br>Die K\u00f6lschen genie\u00dfen es, doch f\u00fcr die \u201eImis\u201c stellen sich viele Fragen: Warum gibt es in K\u00f6ln einen Prinzen, aber keine Prinzessin? Warum ist die Jungfrau im Dreigestirn ein Mann?<br>Wo treffen sich die Jecken zum Feiern? Was ist eine B\u00fcttenrede? Wie lautet der Eid der Roten Funken? Seit wann gibt es den Rosenmontagszug?<br>Bei diesem unterhaltsamen Altstadtbummel erfahren Sie alles \u00fcber den Ursprung und die Bedeutung des \u201eFastelovend\u201c.<\/p>\n\n\n\n<p class=\"has-light-gray-background-color has-background\">Max. 25 Personen<\/p>\n\n\n\n<p class=\"has-light-gray-background-color has-background\">Dauer: ca. 1,5 Std.<\/p>\n\n\n\n<p class=\"has-light-gray-background-color has-background\">Treffpunkt: Heinzelm\u00e4nnchenbrunnen, Am Hof<\/p>\n\n\n\n<p class=\"has-light-gray-background-color has-background\">Gruppenpreis: \u20ac 205,-<\/p>\n\n\n\n<p class=\"has-yellow-background-color has-background\"><a href=\"https:\/\/buchung.insidecologne.de\/de\/buchung?tid=225\" target=\"_blank\" rel=\"noreferrer noopener\">Diese Veranstaltung (Karneval in K\u00f6ln) anfragen oder buchen<\/a><\/p>\n","protected":false},"excerpt":{"rendered":"<p>Die &#8222;f\u00fcnfte Jahreszeit&#8220; im K\u00f6lner Karnevalsmuseum Die Urspr\u00fcnge des K\u00f6lner Karnevals m\u00f6gen bis in die Antike zur\u00fcckreichen. Tatsache ist, da\u00df erst seit 1823 &#8222;ordentlich&#8220; gefeiert wird. Damals gr\u00fcndeten einige Honoratioren der Stadt, Mitglieder der &#8222;Olympischen Gesellschaft&#8220; &#8211; u.a. Ferdinand Franz Wallraf und Heinrich von Wittgenstein &#8211; das &#8222;Festordnende Komitee&#8220;. Das chaotische Treiben der Narren sollte &hellip; <a href=\"https:\/\/cologneweb.com\/AbisZ\/service\/karneval\/\" class=\"more-link\"><span class=\"screen-reader-text\">\u201eKarneval\u201c<\/span> weiterlesen<\/a><\/p>\n","protected":false},"author":1,"featured_media":0,"parent":23,"menu_order":0,"comment_status":"closed","ping_status":"closed","template":"","meta":{"footnotes":""},"class_list":["post-494","page","type-page","status-publish","hentry"],"_links":{"self":[{"href":"https:\/\/cologneweb.com\/AbisZ\/wp-json\/wp\/v2\/pages\/494","targetHints":{"allow":["GET"]}}],"collection":[{"href":"https:\/\/cologneweb.com\/AbisZ\/wp-json\/wp\/v2\/pages"}],"about":[{"href":"https:\/\/cologneweb.com\/AbisZ\/wp-json\/wp\/v2\/types\/page"}],"author":[{"embeddable":true,"href":"https:\/\/cologneweb.com\/AbisZ\/wp-json\/wp\/v2\/users\/1"}],"replies":[{"embeddable":true,"href":"https:\/\/cologneweb.com\/AbisZ\/wp-json\/wp\/v2\/comments?post=494"}],"version-history":[{"count":13,"href":"https:\/\/cologneweb.com\/AbisZ\/wp-json\/wp\/v2\/pages\/494\/revisions"}],"predecessor-version":[{"id":4210,"href":"https:\/\/cologneweb.com\/AbisZ\/wp-json\/wp\/v2\/pages\/494\/revisions\/4210"}],"up":[{"embeddable":true,"href":"https:\/\/cologneweb.com\/AbisZ\/wp-json\/wp\/v2\/pages\/23"}],"wp:attachment":[{"href":"https:\/\/cologneweb.com\/AbisZ\/wp-json\/wp\/v2\/media?parent=494"}],"curies":[{"name":"wp","href":"https:\/\/api.w.org\/{rel}","templated":true}]}}