{"id":4912,"date":"2024-08-30T12:18:22","date_gmt":"2024-08-30T10:18:22","guid":{"rendered":"https:\/\/cologneweb.com\/AbisZ\/?page_id=4912"},"modified":"2024-08-30T13:11:34","modified_gmt":"2024-08-30T11:11:34","slug":"bestellung","status":"publish","type":"page","link":"https:\/\/cologneweb.com\/AbisZ\/service\/shop\/bestellung\/","title":{"rendered":"Bestellung"},"content":{"rendered":"\n<p class=\"has-light-gray-background-color has-background\"><a href=\"https:\/\/cologneweb.com\/AbisZ\/service\/shop\/\" data-type=\"page\" data-id=\"4625\">Shop<\/a><\/p>\n\n\n\n<p>Sie k\u00f6nnen Restexemplare der unten aufgef\u00fchrten B\u00fccher \u2014 alle im neuwertigen Zustand \u2014 bei uns erwerben. Auf Wunsch werden sie von der Autorin signiert.<\/p>\n\n\n\n<ul class=\"wp-block-list\">\n<li>&nbsp;&nbsp;<a href=\"https:\/\/cologneweb.com\/literatur\/buchstabenblut.htm\">buchstabenblut<\/a> \u20ac 5,00<\/li>\n\n\n\n<li>&nbsp;&nbsp;<a href=\"https:\/\/buchung.insidecologne.de\/geister.html\">Geister, Teufel, arme Seelen<\/a> \u20ac 5,00<\/li>\n\n\n\n<li>&nbsp;&nbsp;<a href=\"https:\/\/buchung.insidecologne.de\/eswareinmal.html\">Es war einmal &#8230;<\/a> \u20ac 5,00<\/li>\n\n\n\n<li>&nbsp;&nbsp;<a href=\"https:\/\/buchung.insidecologne.de\/geisterspuk.html\">Teufelswerk und Geisterspuk<\/a> \u20ac 14,80<\/li>\n<\/ul>\n\n\n\n<p>Bestellungen sind zurzeit nur per <a href=\"mailto:bestellung@insidecologne.de\">E-Mail<\/a> m\u00f6glich. Bitte beachten Sie die Widerrufserkl\u00e4rung: <\/p>\n\n\n\n<p class=\"has-light-gray-background-color has-background has-small-font-size\"><strong>Widerrufsbelehrung<\/strong><br>Sie k\u00f6nnen Ihre Vertragserkl\u00e4rung innerhalb von einem Monat ohne Angabe von Gr\u00fcnden in Textform (Brief oder E-Mail) oder &#8211; wenn Ihnen die Sache vor Fristablauf \u00fcberlassen wird &#8211; durch R\u00fccksendung der Sache widerrufen. Die Frist beginnt nach Erhalt dieser Belehrung in Textform, jedoch nicht vor Eingang der Ware beim Empf\u00e4nger (bei der wiederkehrenden Lieferung gleichartiger Waren nicht vor Eingang der ersten Teillieferung) und auch nicht vor Erf\u00fcllung unserer Informationspflichten gem\u00e4\u00df \u00a7 312c Abs. 2 BGB in Verbindung mit \u00a7 1 Abs. 1, 2 und 4 BGB-InfoV sowie unserer Pflichten gem\u00e4\u00df \u00a7 312e Abs. 1 Satz 1 BGB in Verbindung mit \u00a7 3 BGB-InfoV. Zur Wahrung der Widerrufsfrist gen\u00fcgt die rechtzeitige Absendung des Widerrufs oder der Sache.<br>Der Widerruf ist zu richten an:<br>inside Cologne GmbH<br>Gesch\u00e4ftsf\u00fchrer Dr. Thomas Plum<br>D\u00fcsseldorfer Stra\u00dfe 45<br>51063 K\u00f6ln<br>E-Mail: <a href=\"mailto:contact@insidecologne.de\">contact@insidecologne.de<\/a><br><br><strong>Widerrufsfolgen<\/strong><br>Im Falle eines wirksamen Widerrufs sind die beiderseits empfangenen Leistungen zur\u00fcckzugew\u00e4hren und ggf. gezogene Nutzungen (z. B. Zinsen) herauszugeben. K\u00f6nnen Sie uns die empfangene Leistung ganz oder teilweise nicht oder nur in verschlechtertem Zusstand zur\u00fcckgew\u00e4hren, m\u00fcssen Sie uns insoweit ggf. Wertersatz leisten. Bei der \u00dcberlassung von Sachen gilt dies nicht, wenn die Verschlechterung der Sache ausschlie\u00dflich auf deren Pr\u00fcfung &#8211; wie sie Ihnen etwa im Ladengesch\u00e4ft m\u00f6glich gewesen w\u00e4re &#8211; zur\u00fcckzuf\u00fchren ist. F\u00fcr eine durch die bestimmungsgem\u00e4\u00dfe Ingebrauchnahme der Sache entstandene Verschlechterung m\u00fcssen Sie keinen Wertersatz leisten.<br>Paketversandf\u00e4hige Sachen sind auf unsere Gefahr zur\u00fcckzusenden. Sie haben die Kosten der R\u00fccksendung zu tragen, wenn die gelieferte Ware der bestellten entspricht und wenn der Preis der zur\u00fcckzusendenden Sache einen Betrag von 40 Euro nicht \u00fcbersteigt oder wenn Sie bei einem h\u00f6heren Preis der Sache zum Zeitpunkt des Widerrufs noch nicht die Gegenleistung oder eine vertraglich vereinbarte Teilzahlung erbracht haben. Anderenfalls ist die R\u00fccksendung f\u00fcr Sie kostenfrei. Nicht paketversandf\u00e4hige Sachen werden bei Ihnen abgeholt. Verpflichtungen zur Erstattung von Zahlungen m\u00fcssen innerhalb von 30 Tagen erf\u00fcllt werden. Die Frist beginnt f\u00fcr Sie mit der Absendung Ihrer Widerrufserkl\u00e4rung oder der Sache, f\u00fcr uns mit deren Empfang.<br>Ihre inside Cologne GmbH<\/p>\n\n\n\n<p class=\"has-light-gray-background-color has-background has-small-font-size\">Preisangaben ohne Versandkosten. Lieferung nur nach Deutschland und ins europ\u00e4ische Ausland. F\u00fcr den Versand innerhalb von Deutschland berechnen wir mindestens \u20ac&nbsp;2,50, f\u00fcr Sendungen ins europ\u00e4ische Ausland mindestens \u20ac&nbsp;5,-. Bei Bestellung mehrerer Artikel erh\u00f6ht sich dieser Betrag entsprechend den Posttarifen. Wir liefern auf Rechnung.<\/p>\n\n\n\n<p>&nbsp;<\/p>\n","protected":false},"excerpt":{"rendered":"<p>Shop Sie k\u00f6nnen Restexemplare der unten aufgef\u00fchrten B\u00fccher \u2014 alle im neuwertigen Zustand \u2014 bei uns erwerben. Auf Wunsch werden sie von der Autorin signiert. Bestellungen sind zurzeit nur per E-Mail m\u00f6glich. Bitte beachten Sie die Widerrufserkl\u00e4rung: WiderrufsbelehrungSie k\u00f6nnen Ihre Vertragserkl\u00e4rung innerhalb von einem Monat ohne Angabe von Gr\u00fcnden in Textform (Brief oder E-Mail) oder &hellip; <a href=\"https:\/\/cologneweb.com\/AbisZ\/service\/shop\/bestellung\/\" class=\"more-link\"><span class=\"screen-reader-text\">\u201eBestellung\u201c<\/span> weiterlesen<\/a><\/p>\n","protected":false},"author":1,"featured_media":0,"parent":4625,"menu_order":0,"comment_status":"closed","ping_status":"closed","template":"","meta":{"footnotes":""},"class_list":["post-4912","page","type-page","status-publish","hentry"],"_links":{"self":[{"href":"https:\/\/cologneweb.com\/AbisZ\/wp-json\/wp\/v2\/pages\/4912","targetHints":{"allow":["GET"]}}],"collection":[{"href":"https:\/\/cologneweb.com\/AbisZ\/wp-json\/wp\/v2\/pages"}],"about":[{"href":"https:\/\/cologneweb.com\/AbisZ\/wp-json\/wp\/v2\/types\/page"}],"author":[{"embeddable":true,"href":"https:\/\/cologneweb.com\/AbisZ\/wp-json\/wp\/v2\/users\/1"}],"replies":[{"embeddable":true,"href":"https:\/\/cologneweb.com\/AbisZ\/wp-json\/wp\/v2\/comments?post=4912"}],"version-history":[{"count":6,"href":"https:\/\/cologneweb.com\/AbisZ\/wp-json\/wp\/v2\/pages\/4912\/revisions"}],"predecessor-version":[{"id":4922,"href":"https:\/\/cologneweb.com\/AbisZ\/wp-json\/wp\/v2\/pages\/4912\/revisions\/4922"}],"up":[{"embeddable":true,"href":"https:\/\/cologneweb.com\/AbisZ\/wp-json\/wp\/v2\/pages\/4625"}],"wp:attachment":[{"href":"https:\/\/cologneweb.com\/AbisZ\/wp-json\/wp\/v2\/media?parent=4912"}],"curies":[{"name":"wp","href":"https:\/\/api.w.org\/{rel}","templated":true}]}}