{"id":23,"date":"2021-02-25T16:49:20","date_gmt":"2021-02-25T15:49:20","guid":{"rendered":"http:\/\/cologneweb.com\/AbisZ\/?page_id=23"},"modified":"2024-12-17T12:27:31","modified_gmt":"2024-12-17T11:27:31","slug":"service","status":"publish","type":"page","link":"https:\/\/cologneweb.com\/AbisZ\/service\/","title":{"rendered":"Service"},"content":{"rendered":"\n<h2 class=\"wp-block-heading\">Infos rund um K\u00f6ln<\/h2>\n\n\n\n<p><a href=\"https:\/\/cologneweb.com\/AbisZ\/service\/agrippina\/\" data-type=\"page\" data-id=\"273\">Agrippina<\/a><\/p>\n\n\n\n<p><a href=\"https:\/\/cologneweb.com\/AbisZ\/service\/bedruckbare-silikonarmbaender\/\" data-type=\"page\" data-id=\"77\">Bedruckbare Silikonarmb\u00e4nder<\/a><\/p>\n\n\n\n<p><a href=\"https:\/\/insidecologne.de\/koelner-lebensart\/\">Brauhausf\u00fchrungen<\/a><\/p>\n\n\n\n<p><a href=\"https:\/\/cologneweb.com\/AbisZ\/service\/chronik-der-stadt-koeln\/\" data-type=\"page\" data-id=\"115\">Chronik der Stadt K\u00f6ln<\/a><\/p>\n\n\n\n<p><a href=\"https:\/\/cologneweb.com\/AbisZ\/service\/coaching-in-berlin\/\" data-type=\"page\" data-id=\"80\">Coaching in Berlin<\/a><\/p>\n\n\n\n<p><a rel=\"noreferrer noopener\" href=\"http:\/\/meinlebenleben-koeln.de\/\" target=\"_blank\">Coaching in K\u00f6ln<\/a><\/p>\n\n\n\n<p><a href=\"https:\/\/cologneweb.com\/AbisZ\/service\/firmengruendung-in-australien\/\" data-type=\"page\" data-id=\"83\">Firmengr\u00fcndung in Australien<\/a><\/p>\n\n\n\n<p><a href=\"https:\/\/cologneweb.com\/AbisZ\/service\/eine-kurze-geschichte-der-stadt-koeln\/\" data-type=\"page\" data-id=\"131\">Geschichte<\/a><\/p>\n\n\n\n<p><a href=\"https:\/\/cologneweb.com\/AbisZ\/service\/grinkoepfe\/\" data-type=\"page\" data-id=\"136\">Grink\u00f6pfe<\/a><\/p>\n\n\n\n<p><a href=\"https:\/\/cologneweb.com\/AbisZ\/service\/heinzelmaennchen\/\" data-type=\"page\" data-id=\"153\">Heinzelm\u00e4nnchen<\/a><\/p>\n\n\n\n<p><a href=\"https:\/\/cologneweb.com\/AbisZ\/service\/kino\/\" data-type=\"page\" data-id=\"187\">Kino<\/a><\/p>\n\n\n\n<p><a href=\"https:\/\/cologneweb.com\/AbisZ\/service\/koelsch\/\" data-type=\"page\" data-id=\"192\">K\u00f6lsch (das Bier)<\/a><\/p>\n\n\n\n<p><a href=\"https:\/\/cologneweb.com\/AbisZ\/service\/literatur\/\" data-type=\"page\" data-id=\"587\">Literatur<\/a><\/p>\n\n\n\n<p><a href=\"https:\/\/cologneweb.com\/AbisZ\/service\/lohnabrechnung\/\" data-type=\"page\" data-id=\"86\">Lohnabrechnung<\/a>&nbsp;<\/p>\n\n\n\n<p><a href=\"https:\/\/cologneweb.com\/AbisZ\/service\/medizinischer-schaumstoff\/\" data-type=\"page\" data-id=\"89\">Medizinischer Schaumstoff&nbsp;<\/a><\/p>\n\n\n\n<p><a href=\"https:\/\/cologneweb.com\/AbisZ\/service\/museen-in-und-um-koeln\/\" data-type=\"page\" data-id=\"105\">Museen in und um K\u00f6ln<\/a><\/p>\n\n\n\n<p><a href=\"https:\/\/cologneweb.com\/AbisZ\/service\/musik\/\" data-type=\"page\" data-id=\"198\">Musik<\/a><\/p>\n\n\n\n<p><a href=\"https:\/\/cologneweb.com\/AbisZ\/service\/papphaeuser-fuer-kinder\/\" data-type=\"page\" data-id=\"578\">Papph\u00e4user f\u00fcr Kinder<\/a><\/p>\n\n\n\n<p><a href=\"https:\/\/cologneweb.com\/AbisZ\/service\/rundfunk-und-fernsehen-in-koeln\/\" data-type=\"page\" data-id=\"206\">Rundfunk und Fernsehen<\/a><\/p>\n\n\n\n<p><a href=\"https:\/\/cologneweb.com\/AbisZ\/service\/koelner-stadtteile\/\" data-type=\"page\" data-id=\"217\">Stadtteile<\/a><\/p>\n\n\n\n<p><a rel=\"noreferrer noopener\" href=\"http:\/\/steuerberaterin-schoeneberg.com\/\" target=\"_blank\">Steuerberatung<\/a>&nbsp;<\/p>\n\n\n\n<p><a href=\"https:\/\/cologneweb.com\/AbisZ\/service\/bildung\/\" data-type=\"page\" data-id=\"122\">Studium<\/a><\/p>\n\n\n\n<p><a href=\"https:\/\/cologneweb.com\/AbisZ\/service\/scrum-master-freelancer\/\" data-type=\"page\" data-id=\"92\">Scrum Master Freelancer<\/a><\/p>\n\n\n\n<p><a href=\"https:\/\/cologneweb.com\/AbisZ\/service\/spezialgeschaefte-in-koeln\/\" data-type=\"page\" data-id=\"95\">Spezialgesch\u00e4fte in K\u00f6ln<\/a><\/p>\n\n\n\n<p><a href=\"https:\/\/cologneweb.com\/AbisZ\/service\/st-ursula-stadtpatronin-von-koeln\/\" data-type=\"page\" data-id=\"229\">St. Ursula &#8211; Stadtpatronin von K\u00f6ln<\/a><\/p>\n\n\n\n<p><a href=\"https:\/\/insidecologne.de\" target=\"_blank\" rel=\"noreferrer noopener\">Stadtf\u00fchrungen<\/a><\/p>\n\n\n\n<p><a href=\"https:\/\/cologneweb.com\/AbisZ\/service\/stadtwappen\/\" data-type=\"page\" data-id=\"236\">Stadtwappen<\/a><\/p>\n\n\n\n<p><a href=\"http:\/\/steuerberaterin-schoeneberg.com\/\" target=\"_blank\" rel=\"noreferrer noopener\">Steuerberatung<\/a><\/p>\n\n\n\n<p><a href=\"https:\/\/cologneweb.com\/AbisZ\/service\/suchmaschinenoptimierung\/\" data-type=\"page\" data-id=\"98\">Suchmaschinenoptimierung<\/a><\/p>\n\n\n\n<p><a href=\"https:\/\/cologneweb.com\/AbisZ\/service\/theater-in-koeln\/\" data-type=\"page\" data-id=\"224\">Theater<\/a><\/p>\n\n\n\n<p><a href=\"https:\/\/cologneweb.com\/AbisZ\/service\/umland\/\" data-type=\"page\" data-id=\"250\">Umland<\/a><\/p>\n\n\n\n<p><a href=\"https:\/\/cologneweb.com\/AbisZ\/service\/veranstaltungskalender\/\" data-type=\"page\" data-id=\"241\">Veranstaltungskalender<\/a><\/p>\n","protected":false},"excerpt":{"rendered":"<p>Infos rund um K\u00f6ln Agrippina Bedruckbare Silikonarmb\u00e4nder Brauhausf\u00fchrungen Chronik der Stadt K\u00f6ln Coaching in Berlin Coaching in K\u00f6ln Firmengr\u00fcndung in Australien Geschichte Grink\u00f6pfe Heinzelm\u00e4nnchen Kino K\u00f6lsch (das Bier) Literatur Lohnabrechnung&nbsp; Medizinischer Schaumstoff&nbsp; Museen in und um K\u00f6ln Musik Papph\u00e4user f\u00fcr Kinder Rundfunk und Fernsehen Stadtteile Steuerberatung&nbsp; Studium Scrum Master Freelancer Spezialgesch\u00e4fte in K\u00f6ln St. Ursula &hellip; <a href=\"https:\/\/cologneweb.com\/AbisZ\/service\/\" class=\"more-link\"><span class=\"screen-reader-text\">\u201eService\u201c<\/span> weiterlesen<\/a><\/p>\n","protected":false},"author":1,"featured_media":0,"parent":0,"menu_order":0,"comment_status":"closed","ping_status":"closed","template":"","meta":{"footnotes":""},"class_list":["post-23","page","type-page","status-publish","hentry"],"_links":{"self":[{"href":"https:\/\/cologneweb.com\/AbisZ\/wp-json\/wp\/v2\/pages\/23","targetHints":{"allow":["GET"]}}],"collection":[{"href":"https:\/\/cologneweb.com\/AbisZ\/wp-json\/wp\/v2\/pages"}],"about":[{"href":"https:\/\/cologneweb.com\/AbisZ\/wp-json\/wp\/v2\/types\/page"}],"author":[{"embeddable":true,"href":"https:\/\/cologneweb.com\/AbisZ\/wp-json\/wp\/v2\/users\/1"}],"replies":[{"embeddable":true,"href":"https:\/\/cologneweb.com\/AbisZ\/wp-json\/wp\/v2\/comments?post=23"}],"version-history":[{"count":32,"href":"https:\/\/cologneweb.com\/AbisZ\/wp-json\/wp\/v2\/pages\/23\/revisions"}],"predecessor-version":[{"id":5056,"href":"https:\/\/cologneweb.com\/AbisZ\/wp-json\/wp\/v2\/pages\/23\/revisions\/5056"}],"wp:attachment":[{"href":"https:\/\/cologneweb.com\/AbisZ\/wp-json\/wp\/v2\/media?parent=23"}],"curies":[{"name":"wp","href":"https:\/\/api.w.org\/{rel}","templated":true}]}}