{"id":2293,"date":"2021-11-12T23:56:30","date_gmt":"2021-11-12T22:56:30","guid":{"rendered":"https:\/\/cologneweb.com\/AbisZ\/?page_id=2293"},"modified":"2021-11-12T23:59:27","modified_gmt":"2021-11-12T22:59:27","slug":"termine-literatur-archiv","status":"publish","type":"page","link":"https:\/\/cologneweb.com\/AbisZ\/service\/literatur\/aktuelle-termine-literatur\/termine-literatur-archiv\/","title":{"rendered":"Termine Literatur &#8211; Archiv"},"content":{"rendered":"\n<p class=\"has-light-gray-background-color has-background\"><a href=\"https:\/\/cologneweb.com\/AbisZ\/service\/literatur\/\" data-type=\"page\" data-id=\"587\">Literatur<\/a><\/p>\n\n\n\n<h2 class=\"wp-block-heading\">1<strong>1.11.2021, 20 Uhr:  <a rel=\"noreferrer noopener\" href=\"https:\/\/de.wikipedia.org\/wiki\/Harald_Gr%C3%B6hler\" target=\"_blank\">Harald Gr\u00f6hler<\/a>  liest aus <a rel=\"noreferrer noopener\" href=\"https:\/\/agnesbuchhandlung.buchhandlung.de\/shop\/article\/41337347\/harald_groehler_dichter_dichter_.html\" target=\"_blank\">Dichter! Dichter!<\/a><\/strong><\/h2>\n\n\n\n<p class=\"has-light-gray-background-color has-background has-medium-font-size\"><strong>Eintritt frei, begrenzte Sitzpl\u00e4tze, <a href=\"mailto:info@agnesbuchhandlung.de\">bitte verbindlich buchen<\/a><\/strong>!<\/p>\n\n\n\n<figure class=\"wp-block-image size-large is-style-default\"><img decoding=\"async\" src=\"https:\/\/media.buchhandlung.de\/\/shared-cms\/media\/AFFILIATE\/17665b2347496ae0\/f1\/33617c25cb1fdb-1634480944136.jpg\" alt=\"\"\/><figcaption>Der Schriftsteller <a href=\"https:\/\/de.wikipedia.org\/wiki\/Harald_Gr%C3%B6hler\" target=\"_blank\" rel=\"noreferrer noopener\">Harald Gr\u00f6hler<\/a><\/figcaption><\/figure>\n\n\n\n<figure class=\"wp-block-image size-large is-style-default\"><a href=\"https:\/\/agnesbuchhandlung.buchhandlung.de\/shop\/\" target=\"_blank\" rel=\"noopener\"><img decoding=\"async\" src=\"https:\/\/media.buchhandlung.de\/\/shared-cms\/media\/AFFILIATE\/17665b2347496ae0\/35\/a0c0de69bbc358-1626292251122.png\" alt=\"Agnes-Buchhandlung\"\/><\/a><\/figure>\n\n\n\n<p class=\"has-light-gray-background-color has-background\">Neusser Strasse&nbsp;63<br>50670 K\u00f6ln<br><a href=\"mailto:nc-agnesbor@netcologne.de\">nc-agnesbor@netcologne.de<\/a><br><a href=\"tel:02217200733\" data-type=\"tel\" data-id=\"tel:02217200733\">0221 7200733<\/a><\/p>\n\n\n\n<p class=\"has-light-gray-background-color has-background\"><strong>\u00d6ffnungszeiten<\/strong><br>Montag &#8211; Freitag 9 &#8211; 19 h<br>Samstag 9 &#8211; 18 h<\/p>\n\n\n\n<p class=\"has-drop-cap has-light-gray-background-color has-background\">Dichter, hautnah! Besuche, Treffen, Heimsuchungen, Fototermine \u2013 zusammen mit der Fotografin Brigitte Friedrich \u2013, und immer wieder Gespr\u00e4che. Leichtes Parlando, oder Streitgespr\u00e4che, und manchmal schwere, ja b\u00f6sartige Auseinandersetzungen. Eine Stippvisite, sich weiter entwickelnd, in den Privatr\u00e4umen von Walter Kempowski. Ein Fotoshooting mit Rolf Dieter Brinkmann auf dem B\u00fcrgersteig vorm Haus. Eine skurrile Autofahrt mit G\u00fcnter Wallraff. Oder der Rauswurf bei Alexander Lernet-Holenia in der Wiener Hofburg. Gelegentlich spitzte sich das pers\u00f6nliche Kennenlernen absolut zu. Harald Gr\u00f6hler teilt fast nur konkret erlebte Vorkommnisse mit. Und im Nachhinein zeigt sich: Auf solche informellen Netzwerke von Kommunikation kann man nicht verzichten, \u2013 wenn man den Tats\u00e4chlichkeiten von Autorinnen, Autoren nahekommen will. Den Versuchungen zu \u00fcbertreiben hat Gr\u00f6hler dabei widerstanden. Die oft fragw\u00fcrdigen Darstellungen gerade auch im Internet sind seine Sache nicht. Gr\u00f6hler sagt: Sie vernichten die Beurteilungskompetenz der Leser.<\/p>\n\n\n\n<p class=\"has-light-gray-background-color has-background\">Unter anderem begegnete Harald Gr\u00f6hler:<br>Hans Carl Artmann, Thomas Bernhard, Wolf Biermann, Heinrich B\u00f6ll, Rolf Dieter Brinkmann, Hans Magnus Enzensberger, Rainer Werner Fassbinder, Erich Fried, Barbara Frischmuth, Lars Gustafsson, Peter Handke, Ernst Jandl, Marie Luise von Kaschnitz, Walter Kempowski, Thomas Kling, Wolfgang Koeppen, Stanislaw Lem, Reinhard Lettau, Friederike Mayr\u00f6cker, Peter R\u00fchmkorf, Wolfdietrich Schnurre, G\u00fcnter Wallraff, Gabriele Wohmann, Gerhard Zwerenz.<\/p>\n\n\n\n<h3 class=\"wp-block-heading\"><strong>Harald Gr\u00f6hler und Brigitte Friedrich bei Rolf Dieter und Maleen Brinkmann<\/strong><\/h3>\n\n\n\n<div class=\"wp-block-image is-style-default\"><figure class=\"aligncenter size-large\"><a href=\"https:\/\/agnesbuchhandlung.buchhandlung.de\/shop\/article\/41337347\/harald_groehler_dichter_dichter_.html\" target=\"_blank\" rel=\"noopener\"><img decoding=\"async\" src=\"https:\/\/medias.librinet.de\/dl\/83190e29-05bf-4542-8126-75a913e2fe15\/1\/daz4ed\" alt=\"Harald Gr\u00f6hler\nDichter! Dichter!\nSo begegneten sie mir. \nMit Fotografien von Brigitte Friedrich.\"\/><\/a><\/figure><\/div>\n\n\n\n<blockquote class=\"wp-block-quote is-style-default is-layout-flow wp-block-quote-is-layout-flow\"><p>Weil das Licht drau\u00dfen besser war als in der Wohnung an diesem Sp\u00e4t-Vormittag, entschlossen wir uns, hinauszugehen; Maleen mit, Brinkmanns Frau. Wohin? \u201eNa nicht weit, halt auf die Stra\u00dfe.\u201c Dem Rolf Dieter Brinkmann imponierte offensichtlich, dass Brigitte da so was richtig Provisorisches vorschlagen konnte. Uns, der Brigitte und mir, wurde oben in der Wohnung \u00fcbrigens kein Stuhl angeboten, wir standen oben in der engen Vierterstockwohnung alle vier voreinander; es ging ja auch im Galopp bald wieder nach unten. Und hier auf dem B\u00fcrgersteig lie\u00df Brigitte sich nach einigen Fotos, die dann sp\u00e4ter einmal reichlich starr und statisch aussahen, einfallen: \u201eMachen Sie doch mal irgendwas Komisches, Herr Brinkmann. Was bisschen Jeckes \u2026\u201c, und es entstand unter anderm jenes Foto, bei dem Rolf Dieter Brinkmann, tief kauernd, zwischen den leicht gegr\u00e4tschten Beinen seiner Maleen hindurchschaut. Maleen hat einen ganz kurzen Rock an, der Rock ist ein klein bisschen hochgeschoben. Jenes schon fast weltbekannte Foto.<\/p><\/blockquote>\n\n\n\n<h3 class=\"wp-block-heading\"><strong>Harald Gr\u00f6hler und Brigitte Friedrich bei Walter Kempowski<\/strong><\/h3>\n\n\n\n<blockquote class=\"wp-block-quote is-style-default is-layout-flow wp-block-quote-is-layout-flow\"><p>Ich merkte gar nicht, wie genau Kempowski aufpasste und wie er mich ansah. Ich sah das erst, als er redete. Und zwar sagte er, \u201e\u2026 na Sie sind ja\u2019n ganz Gef\u00e4hrlicher.\u201c \u2013 \u201eWas?\u201c, unterbrach ich ihn unwillk\u00fcrlich gleich. \u201eMehr noch. O ha, jetzt titschen Sie mal nicht so \u2019rum.\u201c \u2013 \u201eWas ist denn an mir schon gef\u00e4hrlich!\u201c \u2013 \u201eSie sind ein sehr Geschickter, Sie nehmen mir ja die Methode weg. Sie eignen sich die Methode an.\u201c \u2013 \u201eHerr Kempowski, Herr Kempowski! Und ich hab das bereits vor vier Jahren gemacht; sag ich Ihnen doch dauernd, da kann ja nicht von Aneignen die Rede sein. Ich nenn Ihnen sogar meine Abnahmequelle.\u201c \u2013 \u201eEs gibt immer noch was, das man vom andern abgucken kann. Klar, jetzt spielen Sie \u2019runter. Ich h\u00e4tt\u2019 Ihnen das \u00fcberhaupt nicht zeigen sollen, ich D\u00e4mlack. H\u00e4tt\u2019 ich Sie nur nicht in meine Aufnahmeecke gef\u00fchrt. Da hab ich ja einen Bock geschossen, heiliger Robert.\u201c<\/p><\/blockquote>\n\n\n\n<p class=\"has-light-gray-background-color has-background\">Zustande gekommen mit Unterst\u00fctzung von <a rel=\"noreferrer noopener\" href=\"https:\/\/www.pen-deutschland.de\/de\/\" target=\"_blank\">PEN-Club Deutschland <\/a>und <a rel=\"noreferrer noopener\" href=\"https:\/\/deutscher-literaturfonds.de\/\" target=\"_blank\">Deutschem Literaturfonds<\/a>.<\/p>\n","protected":false},"excerpt":{"rendered":"<p>Literatur 11.11.2021, 20 Uhr: Harald Gr\u00f6hler liest aus Dichter! Dichter! Eintritt frei, begrenzte Sitzpl\u00e4tze, bitte verbindlich buchen! Neusser Strasse&nbsp;6350670 K\u00f6lnnc-agnesbor@netcologne.de0221 7200733 \u00d6ffnungszeitenMontag &#8211; Freitag 9 &#8211; 19 hSamstag 9 &#8211; 18 h Dichter, hautnah! Besuche, Treffen, Heimsuchungen, Fototermine \u2013 zusammen mit der Fotografin Brigitte Friedrich \u2013, und immer wieder Gespr\u00e4che. Leichtes Parlando, oder Streitgespr\u00e4che, und &hellip; <a href=\"https:\/\/cologneweb.com\/AbisZ\/service\/literatur\/aktuelle-termine-literatur\/termine-literatur-archiv\/\" class=\"more-link\"><span class=\"screen-reader-text\">\u201eTermine Literatur &#8211; Archiv\u201c<\/span> weiterlesen<\/a><\/p>\n","protected":false},"author":1,"featured_media":0,"parent":2238,"menu_order":0,"comment_status":"closed","ping_status":"closed","template":"","meta":{"footnotes":""},"class_list":["post-2293","page","type-page","status-publish","hentry"],"_links":{"self":[{"href":"https:\/\/cologneweb.com\/AbisZ\/wp-json\/wp\/v2\/pages\/2293","targetHints":{"allow":["GET"]}}],"collection":[{"href":"https:\/\/cologneweb.com\/AbisZ\/wp-json\/wp\/v2\/pages"}],"about":[{"href":"https:\/\/cologneweb.com\/AbisZ\/wp-json\/wp\/v2\/types\/page"}],"author":[{"embeddable":true,"href":"https:\/\/cologneweb.com\/AbisZ\/wp-json\/wp\/v2\/users\/1"}],"replies":[{"embeddable":true,"href":"https:\/\/cologneweb.com\/AbisZ\/wp-json\/wp\/v2\/comments?post=2293"}],"version-history":[{"count":2,"href":"https:\/\/cologneweb.com\/AbisZ\/wp-json\/wp\/v2\/pages\/2293\/revisions"}],"predecessor-version":[{"id":2296,"href":"https:\/\/cologneweb.com\/AbisZ\/wp-json\/wp\/v2\/pages\/2293\/revisions\/2296"}],"up":[{"embeddable":true,"href":"https:\/\/cologneweb.com\/AbisZ\/wp-json\/wp\/v2\/pages\/2238"}],"wp:attachment":[{"href":"https:\/\/cologneweb.com\/AbisZ\/wp-json\/wp\/v2\/media?parent=2293"}],"curies":[{"name":"wp","href":"https:\/\/api.w.org\/{rel}","templated":true}]}}