{"id":1851,"date":"2021-04-29T15:44:41","date_gmt":"2021-04-29T13:44:41","guid":{"rendered":"https:\/\/cologneweb.com\/AbisZ\/?page_id=1851"},"modified":"2026-03-16T17:08:26","modified_gmt":"2026-03-16T16:08:26","slug":"aktuelle-termine","status":"publish","type":"page","link":"https:\/\/cologneweb.com\/AbisZ\/service\/musik\/aktuelle-termine\/","title":{"rendered":"Aktuelle Termine: Musik"},"content":{"rendered":"\n<figure class=\"wp-block-image size-large\"><a href=\"https:\/\/www.c-o-pop.de\/\" target=\"_blank\" rel=\" noreferrer noopener\"><img decoding=\"async\" src=\"https:\/\/bdkv.de\/wp-content\/uploads\/2023\/12\/Logo_co-pop.jpg\" alt=\"\/o pop Festival\"\/><\/a><\/figure>\n\n\n\n<h2 class=\"wp-block-heading\">15. &#8211; 19. April 2026<\/h2>\n\n\n\n<hr class=\"wp-block-separator has-alpha-channel-opacity\"\/>\n\n\n\n<figure class=\"wp-block-image size-full\"><a href=\"https:\/\/www.zamusearlymusicfestival.de\/\" target=\"_blank\" rel=\" noreferrer noopener\"><img loading=\"lazy\" decoding=\"async\" width=\"963\" height=\"734\" src=\"https:\/\/cologneweb.com\/AbisZ\/wp-content\/uploads\/2026\/03\/zamus.jpg\" alt=\"zamus: early music festival\" class=\"wp-image-5720\" srcset=\"https:\/\/cologneweb.com\/AbisZ\/wp-content\/uploads\/2026\/03\/zamus.jpg 963w, https:\/\/cologneweb.com\/AbisZ\/wp-content\/uploads\/2026\/03\/zamus-300x229.jpg 300w, https:\/\/cologneweb.com\/AbisZ\/wp-content\/uploads\/2026\/03\/zamus-768x585.jpg 768w\" sizes=\"auto, (max-width: 709px) 85vw, (max-width: 909px) 67vw, (max-width: 1362px) 62vw, 840px\" \/><\/a><\/figure>\n\n\n\n<h2 class=\"wp-block-heading\">Paradise Lost<br>21.\u201330. Mai 2026<\/h2>\n\n\n\n<p>In 21 experimentierfreudigen Veranstaltungen an 10 Tagen l\u00e4dt das zamus: early music festival 2026 dazu ein, immer neue Antworten zu finden. Wie in jedem Jahr spielen dabei wissenschaftliche Einordnungen und die Verbindung zu anderen Kunstformen eine tragende Rolle.<\/p>\n\n\n\n<p>Das komplette Programm wird am 19. M\u00e4rz ver\u00f6ffentlicht.<\/p>\n\n\n\n<p>Das zamus: early music festival bespielt Orte in ganz K\u00f6ln. Auch ein Symposium zu aktuellen gesellschaftspolitischen Themen ist fester Bestandteil des j\u00e4hrlichen Programms. Tradition ist auch der early music marathon, der in entspannter Atmosph\u00e4re eine Reihe von Kurzkonzerten pr\u00e4sentiert. Das Programm zamus: academy f\u00f6rdert Nachwuchstalente und erm\u00f6glicht jungen Musiker:innen, auf einem der f\u00fchrenden Festivals f\u00fcr Alte Musik zu konzertieren. Das Festival endet jeweils mit einer gro\u00dfen Eigenproduktion, in vergangenen Festivaleditionen beteiligten sich daran etwa Juan Kruz Diaz De Garaio Esnaola, Midori Seiler, Alexandra Waierstall, Leonhard Bartussek, Folkert Uhde, Griet de Geyter, Liza Dieckwisch, Aischa-Lina L\u00f6bbert und Laura Remmler.<\/p>\n\n\n\n<hr class=\"wp-block-separator has-alpha-channel-opacity\"\/>\n\n\n\n<figure class=\"wp-block-image size-large\"><a href=\"https:\/\/www.koelner-dommusik.de\/orgeln\/orgelfeierstunden\" target=\"_blank\" rel=\" noreferrer noopener\"><img loading=\"lazy\" decoding=\"async\" width=\"1024\" height=\"509\" src=\"https:\/\/cologneweb.com\/AbisZ\/wp-content\/uploads\/2026\/03\/orgelfeierstunden2026-1024x509.jpg\" alt=\"Orgelfeierstunden im K\u00f6lner Dom 2026\" class=\"wp-image-5723\" srcset=\"https:\/\/cologneweb.com\/AbisZ\/wp-content\/uploads\/2026\/03\/orgelfeierstunden2026-1024x509.jpg 1024w, https:\/\/cologneweb.com\/AbisZ\/wp-content\/uploads\/2026\/03\/orgelfeierstunden2026-300x149.jpg 300w, https:\/\/cologneweb.com\/AbisZ\/wp-content\/uploads\/2026\/03\/orgelfeierstunden2026-768x382.jpg 768w, https:\/\/cologneweb.com\/AbisZ\/wp-content\/uploads\/2026\/03\/orgelfeierstunden2026.jpg 1192w\" sizes=\"auto, (max-width: 709px) 85vw, (max-width: 909px) 67vw, (max-width: 1362px) 62vw, 840px\" \/><\/a><\/figure>\n\n\n\n<p>Die Orgelfeierstunden mit namhaften Organist:innen aus aller Welt finden in den Sommermonaten immer dienstags um 20 Uhr im K\u00f6lner Dom statt. K\u00fcnstlerischer Leiter der Reihe ist Domorganist <a href=\"https:\/\/www.koelner-dommusik.de\/orgeln\/team-orgel\/winfried-boenig\" target=\"_blank\" rel=\"noreferrer noopener\">Prof. Dr. Winfried B\u00f6nig<\/a>, der die Reihe kuratiert und auch selbst drei der Orgelkonzerte spielt. 2026 feiert die Konzertreihe vom 16. Juni bis 1. September ihr 66. Jubil\u00e4um (<a href=\"https:\/\/www.koelnticket.de\/eventseries\/orgelfeierstunden-im-koelner-dom-4111551\/\" target=\"_blank\" rel=\"noreferrer noopener\">Tickets: 15 \u20ac \/ 10 \u20ac<\/a>).<\/p>\n\n\n\n<hr class=\"wp-block-separator has-alpha-channel-opacity\"\/>\n\n\n\n<figure class=\"wp-block-image size-large\"><a href=\"https:\/\/amphi-festival.de\/\" target=\"_blank\" rel=\" noreferrer noopener\"><img decoding=\"async\" src=\"https:\/\/amphi-festival.de\/wp-content\/uploads\/sites\/2\/2025\/10\/250925-Amphi-2026_Ansichtsflyer.jpg\" alt=\" 25.-26.7.2026 | Tanzbrunngen K\u00f6ln\nAMPHI 2026\"\/><\/a><\/figure>\n","protected":false},"excerpt":{"rendered":"<p>15. &#8211; 19. April 2026 Paradise Lost21.\u201330. Mai 2026 In 21 experimentierfreudigen Veranstaltungen an 10 Tagen l\u00e4dt das zamus: early music festival 2026 dazu ein, immer neue Antworten zu finden. Wie in jedem Jahr spielen dabei wissenschaftliche Einordnungen und die Verbindung zu anderen Kunstformen eine tragende Rolle. Das komplette Programm wird am 19. M\u00e4rz ver\u00f6ffentlicht. &hellip; <a href=\"https:\/\/cologneweb.com\/AbisZ\/service\/musik\/aktuelle-termine\/\" class=\"more-link\"><span class=\"screen-reader-text\">\u201eAktuelle Termine: Musik\u201c<\/span> weiterlesen<\/a><\/p>\n","protected":false},"author":1,"featured_media":0,"parent":198,"menu_order":0,"comment_status":"closed","ping_status":"closed","template":"","meta":{"footnotes":""},"class_list":["post-1851","page","type-page","status-publish","hentry"],"_links":{"self":[{"href":"https:\/\/cologneweb.com\/AbisZ\/wp-json\/wp\/v2\/pages\/1851","targetHints":{"allow":["GET"]}}],"collection":[{"href":"https:\/\/cologneweb.com\/AbisZ\/wp-json\/wp\/v2\/pages"}],"about":[{"href":"https:\/\/cologneweb.com\/AbisZ\/wp-json\/wp\/v2\/types\/page"}],"author":[{"embeddable":true,"href":"https:\/\/cologneweb.com\/AbisZ\/wp-json\/wp\/v2\/users\/1"}],"replies":[{"embeddable":true,"href":"https:\/\/cologneweb.com\/AbisZ\/wp-json\/wp\/v2\/comments?post=1851"}],"version-history":[{"count":162,"href":"https:\/\/cologneweb.com\/AbisZ\/wp-json\/wp\/v2\/pages\/1851\/revisions"}],"predecessor-version":[{"id":5737,"href":"https:\/\/cologneweb.com\/AbisZ\/wp-json\/wp\/v2\/pages\/1851\/revisions\/5737"}],"up":[{"embeddable":true,"href":"https:\/\/cologneweb.com\/AbisZ\/wp-json\/wp\/v2\/pages\/198"}],"wp:attachment":[{"href":"https:\/\/cologneweb.com\/AbisZ\/wp-json\/wp\/v2\/media?parent=1851"}],"curies":[{"name":"wp","href":"https:\/\/api.w.org\/{rel}","templated":true}]}}